{"id":1116,"date":"2018-12-13T13:41:41","date_gmt":"2018-12-13T12:41:41","guid":{"rendered":"http:\/\/192.168.10.215\/wordpress\/?page_id=1116"},"modified":"2022-02-08T12:40:33","modified_gmt":"2022-02-08T11:40:33","slug":"ufficio-attivita-produttive-e-commercio","status":"publish","type":"page","link":"https:\/\/at.comune.sestu.ca.it\/index.php\/amministrazione\/aree-amministrative\/personale-informatica-protocollo-attivita-produttive-commercio-e-agricoltura\/ufficio-attivita-produttive-e-commercio\/","title":{"rendered":"Ufficio Attivit\u00e0 Produttive, Commercio e Agricoltura"},"content":{"rendered":"<div id=\"tablepress-61-scroll-wrapper\" class=\"tablepress-scroll-wrapper\">\n\n<table id=\"tablepress-61\" class=\"tablepress tablepress-id-61 tablepress-responsive\">\n<thead>\n<tr class=\"row-1\">\n\t<th class=\"column-1\"><strong>Responsabile<\/strong><\/th><th class=\"column-2\">dott. Filippo Farris<\/th>\n<\/tr>\n<\/thead>\n<tbody>\n<tr class=\"row-2\">\n\t<td class=\"column-1\"><strong>Telefono<\/strong><\/td><td class=\"column-2\">0702360241<\/td>\n<\/tr>\n<tr class=\"row-3\">\n\t<td class=\"column-1\"><strong>Email<\/strong><\/td><td class=\"column-2\"><a href=\"mailto:filippo.farris@comune.sestu.ca.it\">filippo.farris@comune.sestu.ca.it<\/a><\/td>\n<\/tr>\n<\/tbody>\n<\/table>\n\n<\/div><!-- #tablepress-61 from cache -->\n\n\n\n<table id=\"tablepress-186\" class=\"tablepress tablepress-id-186 tablepress-responsive tablepress-responsive-stack-phone\">\n<tbody>\n<tr class=\"row-1 odd\">\n\t<td colspan=\"5\" class=\"column-1\"><strong>Orario Ufficio <\/strong><\/td>\n<\/tr>\n<tr class=\"row-2 even\">\n\t<td class=\"column-1\"><strong> Luned\u00ec<\/strong><br \/>\n11:00\/13:00<\/td><td class=\"column-2\"><strong>Marted\u00ec<\/strong><br \/>\n11:00\/13:00<br \/>\n15:30\/17:00<\/td><td class=\"column-3\"><strong>Mercoled\u00ec<\/strong><br \/>\n11:00\/13:00<\/td><td class=\"column-4\"><strong>Gioved\u00ec<\/strong><br \/>\n11:00\/13:00<br \/>\n15:30\/17:00<\/td><td class=\"column-5\"><strong>Venerd\u00ec<\/strong><br \/>\n11:00\/13:00<\/td>\n<\/tr>\n<\/tbody>\n<\/table>\n<!-- #tablepress-186 from cache -->\n\n\n\n<table id=\"tablepress-9\" class=\"tablepress tablepress-id-9 tablepress-responsive tablepress-responsive-stack-phone\">\n<tbody>\n<tr class=\"row-1 odd\">\n\t<td class=\"column-1\"><strong>Indirizzo<\/strong><\/td><td class=\"column-2\">Via Scipione 1 - piano terra<\/td>\n<\/tr>\n<\/tbody>\n<\/table>\n<!-- #tablepress-9 from cache -->\n\n\n\n<p><strong>Personale operativo assegnato all&#8217;Ufficio<\/strong><\/p>\n\n\n<div id=\"tablepress-68-scroll-wrapper\" class=\"tablepress-scroll-wrapper\">\n\n<table id=\"tablepress-68\" class=\"tablepress tablepress-id-68 tablepress-responsive\">\n<thead>\n<tr class=\"row-1\">\n\t<th class=\"column-1\"><strong>Dipendente<\/strong><\/th><th class=\"column-2\">dott.ssa Sabrina Stara<br \/>\n<\/th>\n<\/tr>\n<\/thead>\n<tbody>\n<tr class=\"row-2\">\n\t<td class=\"column-1\"><strong>Telefono<\/strong><\/td><td class=\"column-2\">0702360242<\/td>\n<\/tr>\n<tr class=\"row-3\">\n\t<td class=\"column-1\"><strong>Email<\/strong><\/td><td class=\"column-2\"><a href=\"mailto:sabrina.stara@comune.sestu.ca.it\ufeff\">sabrina.stara@comune.sestu.ca.it<\/a><br \/>\n<a href=\"mailto:commercio@comune.sestu.ca.it\ufeff\">commercio@comune.sestu.ca.it<\/a><\/td>\n<\/tr>\n<\/tbody>\n<\/table>\n\n<\/div><!-- #tablepress-68 from cache -->\n\n\n<div id=\"tablepress-205-scroll-wrapper\" class=\"tablepress-scroll-wrapper\">\n\n<table id=\"tablepress-205\" class=\"tablepress tablepress-id-205 tablepress-responsive\">\n<thead>\n<tr class=\"row-1\">\n\t<th class=\"column-1\"><strong>Dipendente<\/strong><\/th><th class=\"column-2\">dott.ssa Roberta Augusti<br \/>\n<\/th>\n<\/tr>\n<\/thead>\n<tbody>\n<tr class=\"row-2\">\n\t<td class=\"column-1\"><strong>Telefono<\/strong><\/td><td class=\"column-2\">0702360277<\/td>\n<\/tr>\n<tr class=\"row-3\">\n\t<td class=\"column-1\"><strong>Email<\/strong><\/td><td class=\"column-2\"><a href=\"mailto:roberta.augusti@comune.sestu.ca.it\ufeff\">roberta.augusti@comune.sestu.ca.it<\/a><\/td>\n<\/tr>\n<\/tbody>\n<\/table>\n\n<\/div><!-- #tablepress-205 from cache -->\n\n\n<div id=\"tablepress-319-scroll-wrapper\" class=\"tablepress-scroll-wrapper\">\n\n<table id=\"tablepress-319\" class=\"tablepress tablepress-id-319 tablepress-responsive\">\n<thead>\n<tr class=\"row-1\">\n\t<th class=\"column-1\"><strong>Dipendente<\/strong><\/th><th class=\"column-2\">dott.ssa Anna Isu<br \/>\n<\/th>\n<\/tr>\n<\/thead>\n<tbody>\n<tr class=\"row-2\">\n\t<td class=\"column-1\"><strong>Telefono<\/strong><\/td><td class=\"column-2\">0702360272<\/td>\n<\/tr>\n<tr class=\"row-3\">\n\t<td class=\"column-1\"><strong>Email<\/strong><\/td><td class=\"column-2\"><a href=\"mailto:anna.isu@comune.sestu.ca.it\ufeff\">anna.isu@comune.sestu.ca.it<\/a><\/td>\n<\/tr>\n<\/tbody>\n<\/table>\n\n<\/div><!-- #tablepress-319 from cache -->\n\n\n\n<p><strong>Competenze principali<\/strong><\/p>\n\n\n<div id=\"tablepress-132-scroll-wrapper\" class=\"tablepress-scroll-wrapper\">\n\n<table id=\"tablepress-132\" class=\"tablepress tablepress-id-132 tablepress-responsive\">\n<thead>\n<tr class=\"row-1\">\n\t<th class=\"column-1\"><i><strong>Funzioni<\/strong><\/i><\/th><th class=\"column-2\"><i><strong>Attivit\u00e0 non esaustive di competenza del Servizio<\/strong><\/i><\/th>\n<\/tr>\n<\/thead>\n<tbody>\n<tr class=\"row-2\">\n\t<td class=\"column-1\">Sviluppo economico e del commercio.<br \/>\nProgrammazione e regolamentazione di settore.<\/td><td class=\"column-2\">Predisposizione di piani, di regolamenti ed elaborazione di criteri per lo sviluppo socio-economico del territorio;<br \/>\nzonizzazione del territorio e regolamentazione degli orari di apertura e chiusura degli esercizi commerciali, artigianali e pubblici esercizi, nonch\u00e9 disciplina inerente le modalit\u00e0 di esercizio delle attivit\u00e0;<br \/>\nmonitoraggio della rete distributiva al fine di fornire dati e informazione all'Osservatorio Regionale del Commercio e alla C.C.I.A.A. per l'Osservatorio Economico;<br \/>\ncoordinamento dei soggetti coinvolti per l'ottenimento di contributi previsti dalla normativa regionale per la valorizzazione e la riqualificazione della rete distributiva;<br \/>\nazioni e progetti di promo-commercializzazione all'interno del tessuto urbano e delle produzioni tipiche e del territorio;<br \/>\nprogrammazione di interventi di sostegno alle imprese attraverso l'elaborazione di progetti convenzionati pubblico-privato;<br \/>\npredisposizione di ordinanze per regolamentare l'esercizio delle varie attivit\u00e0 d'impresa.<\/td>\n<\/tr>\n<tr class=\"row-3\">\n\t<td class=\"column-1\">Gestione dei procedimenti per il funzionamento delle attivit\u00e0 commerciali, artigianali, dei pubblici esercizi e delle strutture ricettive, nonch\u00e9 nell'ambito dell'agricoltura e della caccia.<\/td><td class=\"column-2\">Rilascio delle informazioni di merito sugli endo-procedimenti e sulle materie di competenza;<br \/>\nistruttoria e rilascio di autorizzazioni per il funzionamento delle attivit\u00e0 commerciali, artigianali, dei pubblici esercizi, delle strutture ricettive;<br \/>\ngestione delle attivit\u00e0 istruttorie e di controllo relative alle attivit\u00e0 sottoposte a segnalazione di inizio attivit\u00e0 e alle comunicazioni;<br \/>\norganizzazione e gestione dei mercati ambulanti, organizzazione dei mercati agricoli e degli hobbisti e dei mercati del riuso;<br \/>\nattribuzioni delegate al Comune in materia di agricoltura e caccia;<br \/>\nredazioni di atti per la semplificazione dei procedimenti amministrativi;<br \/>\nGestione dei dati e delle statistiche relative alle strutture ricettive.<\/td>\n<\/tr>\n<tr class=\"row-4\">\n\t<td class=\"column-1\">Locazioni turistiche brevi<\/td><td class=\"column-2\">Ricezione delle comunicazioni dei privati relative alla segnalazione di unit\u00e0 abitative da destinare alle locazioni turistiche brevi e successivo inoltro alla Regione.<\/td>\n<\/tr>\n<\/tbody>\n<\/table>\n\n<\/div><!-- #tablepress-132 from cache -->\n","protected":false},"excerpt":{"rendered":"","protected":false},"author":3,"featured_media":0,"parent":1106,"menu_order":3,"comment_status":"closed","ping_status":"closed","template":"","meta":[],"_links":{"self":[{"href":"https:\/\/at.comune.sestu.ca.it\/index.php\/wp-json\/wp\/v2\/pages\/1116"}],"collection":[{"href":"https:\/\/at.comune.sestu.ca.it\/index.php\/wp-json\/wp\/v2\/pages"}],"about":[{"href":"https:\/\/at.comune.sestu.ca.it\/index.php\/wp-json\/wp\/v2\/types\/page"}],"author":[{"embeddable":true,"href":"https:\/\/at.comune.sestu.ca.it\/index.php\/wp-json\/wp\/v2\/users\/3"}],"replies":[{"embeddable":true,"href":"https:\/\/at.comune.sestu.ca.it\/index.php\/wp-json\/wp\/v2\/comments?post=1116"}],"version-history":[{"count":15,"href":"https:\/\/at.comune.sestu.ca.it\/index.php\/wp-json\/wp\/v2\/pages\/1116\/revisions"}],"predecessor-version":[{"id":17896,"href":"https:\/\/at.comune.sestu.ca.it\/index.php\/wp-json\/wp\/v2\/pages\/1116\/revisions\/17896"}],"up":[{"embeddable":true,"href":"https:\/\/at.comune.sestu.ca.it\/index.php\/wp-json\/wp\/v2\/pages\/1106"}],"wp:attachment":[{"href":"https:\/\/at.comune.sestu.ca.it\/index.php\/wp-json\/wp\/v2\/media?parent=1116"}],"curies":[{"name":"wp","href":"https:\/\/api.w.org\/{rel}","templated":true}]}}