{"id":1514,"date":"2018-12-19T13:16:11","date_gmt":"2018-12-19T12:16:11","guid":{"rendered":"http:\/\/192.168.10.215\/wordpress\/?page_id=1514"},"modified":"2018-12-19T13:16:24","modified_gmt":"2018-12-19T12:16:24","slug":"associazione-culturale-iskra","status":"publish","type":"page","link":"https:\/\/at.comune.sestu.ca.it\/index.php\/servizi\/turismo-e-cultura\/associazioni\/associazione-culturale-iskra\/","title":{"rendered":"Associazione Culturale &#8220;Iskra&#8221;"},"content":{"rendered":"\n<table id=\"tablepress-100\" class=\"tablepress tablepress-id-100 tablepress-responsive\">\n<thead>\n<tr class=\"row-1\">\n\t<th class=\"column-1\"><\/th><th class=\"column-2\">Associazione Culturale \"Iskra\"<\/th>\n<\/tr>\n<\/thead>\n<tbody>\n<tr class=\"row-2\">\n\t<td class=\"column-1\"><strong>Telefono<\/strong><\/td><td class=\"column-2\">070238312<\/td>\n<\/tr>\n<\/tbody>\n<\/table>\n<!-- #tablepress-100 from cache -->\n\n\n\n<p>Il Teatro Iskra nasce a Sestu, ufficialmente, nel 2002 dall\u2019incontro \ndi due diverse realt\u00e0, per\u00f2, gi\u00e0 affermatesi negli anni passati.<\/p>\n\n\n\n<p>Il gruppo Studio Spettacolo &#8211; portatore di una esperienza pluriennale\n nel campo del teatro etnico- ha basato il proprio repertorio in \nprevalenza sulle opere del commediografo Ottavio Altea, per sciogliersi \nall\u2019inizio degli anni Ottanta. Dopo la pausa intercorsa tra le celebri \nproduzioni di commedie come Meu e Arrosa, Sa bonanim\u2019e babbai, solo per \ncitarne alcune, opere trasmesse tra l\u2019altro su Videolina, il gruppo \nStudio Spettacolo si \u00e8 riunito, per ripercorrere una nuova e pi\u00f9 matura \nesperienza teatrale, sul finire degli anni \u201990. Fino ad arrivare, \nappunto, agli inizi del nuovo millennio, dove ritrova un\u2019identit\u00e0 \nformale (nel febbraio del 2002 nasce infatti il Teatro Iskra) con \nl\u2019incontro del giovane autore, attore e regista Diego Massa, figlio \nd\u2019uno dei militanti del vecchio gruppo Studio Spettacolo. Diego Massa \nnasce come autore di poesia, in seguito intraprende gli studi presso il \nDipartimento di Arte, Musica e Spettacolo della Facolt\u00e0 di Lettere e \nFilosofia dell\u2019Universit\u00e0 di Bologna, indirizzo teatro.<\/p>\n\n\n\n<p>La produzione teatrale dell&#8217;associazione \u00e8 caratterizzata da una \nsempre crescente, continuativa e produttiva attivit\u00e0 tra tradizione e \nricerca.<\/p>\n\n\n\n<p>Presidente: Salvatore Massa<\/p>\n","protected":false},"excerpt":{"rendered":"<p>Il Teatro Iskra nasce a Sestu, ufficialmente, nel 2002 dall\u2019incontro di due diverse realt\u00e0, per\u00f2, gi\u00e0 affermatesi negli anni passati.<\/p>\n","protected":false},"author":3,"featured_media":0,"parent":1497,"menu_order":2,"comment_status":"closed","ping_status":"closed","template":"","meta":[],"_links":{"self":[{"href":"https:\/\/at.comune.sestu.ca.it\/index.php\/wp-json\/wp\/v2\/pages\/1514"}],"collection":[{"href":"https:\/\/at.comune.sestu.ca.it\/index.php\/wp-json\/wp\/v2\/pages"}],"about":[{"href":"https:\/\/at.comune.sestu.ca.it\/index.php\/wp-json\/wp\/v2\/types\/page"}],"author":[{"embeddable":true,"href":"https:\/\/at.comune.sestu.ca.it\/index.php\/wp-json\/wp\/v2\/users\/3"}],"replies":[{"embeddable":true,"href":"https:\/\/at.comune.sestu.ca.it\/index.php\/wp-json\/wp\/v2\/comments?post=1514"}],"version-history":[{"count":1,"href":"https:\/\/at.comune.sestu.ca.it\/index.php\/wp-json\/wp\/v2\/pages\/1514\/revisions"}],"predecessor-version":[{"id":1517,"href":"https:\/\/at.comune.sestu.ca.it\/index.php\/wp-json\/wp\/v2\/pages\/1514\/revisions\/1517"}],"up":[{"embeddable":true,"href":"https:\/\/at.comune.sestu.ca.it\/index.php\/wp-json\/wp\/v2\/pages\/1497"}],"wp:attachment":[{"href":"https:\/\/at.comune.sestu.ca.it\/index.php\/wp-json\/wp\/v2\/media?parent=1514"}],"curies":[{"name":"wp","href":"https:\/\/api.w.org\/{rel}","templated":true}]}}