{"id":18929,"date":"2022-04-22T12:30:12","date_gmt":"2022-04-22T10:30:12","guid":{"rendered":"https:\/\/www.comune.sestu.ca.it\/?page_id=18929"},"modified":"2023-09-29T12:59:28","modified_gmt":"2023-09-29T10:59:28","slug":"consiglio-comunale-28-aprile-2022","status":"publish","type":"page","link":"https:\/\/at.comune.sestu.ca.it\/index.php\/amministrazione\/organi-di-governo\/il-consiglio\/convocazioni-e-verbali\/convocazioni-e-verbali-anno-2022\/consiglio-comunale-28-aprile-2022\/","title":{"rendered":"Consiglio comunale 28 Aprile 2022"},"content":{"rendered":"\n<div style=\"height:36px\" aria-hidden=\"true\" class=\"wp-block-spacer\"><\/div>\n\n\n\n<p>Il Consiglio comunale \u00e8 convocato in seduta straordinaria di prima convocazione per il giorno <strong>Gioved\u00ec 28 Aprile 2022<\/strong>, alle ore 18:30,<strong> <\/strong>e in seconda convocazione per il giorno <strong>Gioved\u00ec 05 Maggio 2022<\/strong>, alle ore 18:30,  presso l\u2019aula consiliare del Comune.<\/p>\n\n\n\n<p>Ordine del giorno:<\/p>\n\n\n\n<p><\/p>\n\n\n\n<ol>\n<li>Approvazione Piano Economico Finanziario del servizio di gestione dei rifiuti urbani per le annualit\u00e0 2022-2025;<\/li>\n\n\n\n<li>Determinazione delle tariffe per l&#8217;applicazione della TARI anno 2022;<\/li>\n\n\n\n<li>Modifica n. 02 al &#8220;Programma biennale per l&#8217;acquisizione di servizi e forniture 2022\/2023&#8221;;<\/li>\n\n\n\n<li>Piano triennale della prevenzione della corruzione e della trasparenza (PTPCT) 2022\/2024 &#8211; Indirizzi al responsabile per la prevenzione della corruzione;<\/li>\n<\/ol>\n\n\n\n<p> <\/p>\n\n\n\n<p>Ed in prosecuzione di seduta il giorno <strong>Marted\u00ec 03 Maggio 2022<\/strong>, alle ore 18.30, e in 2^ convocazione <strong>Venerd\u00ec 06 Maggio 2022<\/strong>, alle ore 18.30;<\/p>\n\n\n\n<p>Ordine del giorno:<\/p>\n\n\n\n<p>5. Riconoscimento, ai sensi dell&#8217;articolo 194, comma 1, lettera a) Decreto Legislativo 267 del<br>2000, della legittimit\u00e0 del debito fuori bilancio scaturente dall&#8217;Ordinanza della Corte di Cassazione numero 6323 del 25 febbraio 2022;<\/p>\n\n\n\n<p>6. Presa d&#8217;atto del rinnovo automatico della compagnia barracellare di Sestu, per il triennio 2021\/2024. Designazione del Capitano della compagnia Barracellare \u2013 Determinazioni.<\/p>\n\n\n\n<p>7. Mozione sulla situazione di disfacimento delle infrastrutture agricole e sull&#8217;esaurimento delle risorse ambientali, con la richiesta di revoca delle deleghe all&#8217;assessora competente, ai sensi dell&#8217;articolo 12 del Regolamento;<\/p>\n\n\n\n<p>IL PRESIDENTE: Antonio Manca<\/p>\n\n\n\n<div style=\"height:54px\" aria-hidden=\"true\" class=\"wp-block-spacer\"><\/div>\n\n\n\n<p>I verbali delle sedute sono consultabili in allegato non appena disponibili.<\/p>\n","protected":false},"excerpt":{"rendered":"<p>Il Consiglio comunale \u00e8 convocato in seduta straordinaria di prima convocazione per il giorno Gioved\u00ec 28 Aprile 2022, alle ore 18:30, e in seconda convocazione per il giorno Gioved\u00ec 05 Maggio 2022, alle ore 18:30, presso l\u2019aula consiliare del Comune.<\/p>\n","protected":false},"author":34,"featured_media":0,"parent":18085,"menu_order":-3,"comment_status":"closed","ping_status":"closed","template":"","meta":[],"_links":{"self":[{"href":"https:\/\/at.comune.sestu.ca.it\/index.php\/wp-json\/wp\/v2\/pages\/18929"}],"collection":[{"href":"https:\/\/at.comune.sestu.ca.it\/index.php\/wp-json\/wp\/v2\/pages"}],"about":[{"href":"https:\/\/at.comune.sestu.ca.it\/index.php\/wp-json\/wp\/v2\/types\/page"}],"author":[{"embeddable":true,"href":"https:\/\/at.comune.sestu.ca.it\/index.php\/wp-json\/wp\/v2\/users\/34"}],"replies":[{"embeddable":true,"href":"https:\/\/at.comune.sestu.ca.it\/index.php\/wp-json\/wp\/v2\/comments?post=18929"}],"version-history":[{"count":6,"href":"https:\/\/at.comune.sestu.ca.it\/index.php\/wp-json\/wp\/v2\/pages\/18929\/revisions"}],"predecessor-version":[{"id":24494,"href":"https:\/\/at.comune.sestu.ca.it\/index.php\/wp-json\/wp\/v2\/pages\/18929\/revisions\/24494"}],"up":[{"embeddable":true,"href":"https:\/\/at.comune.sestu.ca.it\/index.php\/wp-json\/wp\/v2\/pages\/18085"}],"wp:attachment":[{"href":"https:\/\/at.comune.sestu.ca.it\/index.php\/wp-json\/wp\/v2\/media?parent=18929"}],"curies":[{"name":"wp","href":"https:\/\/api.w.org\/{rel}","templated":true}]}}