{"id":20581,"date":"2022-08-17T13:03:43","date_gmt":"2022-08-17T11:03:43","guid":{"rendered":"https:\/\/www.comune.sestu.ca.it\/?page_id=20581"},"modified":"2023-08-22T17:17:48","modified_gmt":"2023-08-22T15:17:48","slug":"agricoltura","status":"publish","type":"page","link":"https:\/\/at.comune.sestu.ca.it\/index.php\/servizi\/attivita-produttive-e-commercio\/agricoltura\/","title":{"rendered":"Agricoltura"},"content":{"rendered":"\n<p>Le informazioni contenute nella presente scheda sono rese a titolo informativo; l\u2019Amministrazione non \u00e8 responsabile per eventuali refusi, imprecisioni, modifiche e novit\u00e0 normative (data aggiornamento scheda: 03\/07\/2023).<\/p>\n\n\n\n<p>Ufficio competente per materia:&nbsp;<a href=\"http:\/\/at.comune.sestu.ca.it\/index.php\/amministrazione\/aree-amministrative\/personale-informatica-protocollo-attivita-produttive-commercio-e-agricoltura\/ufficio-attivita-produttive-e-commercio\/\">Ufficio attivit\u00e0 produttive, commercio e agricoltura<\/a>; indirizzo mail&nbsp;<a href=\"mailto:commercio@comune.sestu.ca.it\">commercio@comune.sestu.ca.it<\/a>.<\/p>\n\n\n\n<div class=\"wp-block-buttons is-layout-flex\">\n<div class=\"wp-block-button\"><a class=\"wp-block-button__link has-colore-primario-chiaro-background-color has-background wp-element-button\" href=\"http:\/\/at.comune.sestu.ca.it\/index.php\/servizi\/attivita-produttive-e-commercio\/agricoltura\/servizio-di-segnalazione-on-line-dei-danni-causati-alle-aziende-agricole\/\">Segnalazione danni<\/a><\/div>\n<\/div>\n\n\n\n<div class=\"wp-block-buttons is-layout-flex\">\n<div class=\"wp-block-button is-style-fill\"><a class=\"wp-block-button__link has-colore-primario-chiaro-background-color has-background wp-element-button\" href=\"http:\/\/at.comune.sestu.ca.it\/index.php\/servizi\/attivita-produttive-e-commercio\/agricoltura\/assicurazioni-agevolate-e-consorzi-di-difesa\/\">Assicurazioni agevolate e Consorzi di difesa<\/a><\/div>\n<\/div>\n\n\n\n<div class=\"wp-block-buttons is-layout-flex\">\n<div class=\"wp-block-button\"><a class=\"wp-block-button__link has-colore-primario-chiaro-background-color has-background wp-element-button\" href=\"http:\/\/at.comune.sestu.ca.it\/index.php\/servizi\/attivita-produttive-e-commercio\/agricoltura\/vendita-diretta-imprenditore-agricolo\/\">Vendita diretta imprenditore agricolo<\/a><\/div>\n<\/div>\n\n\n\n<p><\/p>\n\n\n\n<p>Chi \u00e8 l\u2019imprenditore agricolo: <\/p>\n\n\n\n<p>l\u2019imprenditore agricolo \u00e8 chi esercita le attivit\u00e0 di coltivazione del fondo, silvicoltura, l\u2019allevamento di animali e tutte le attivit\u00e0 a queste connesse.<\/p>\n\n\n\n<p>La normativa di riferimento: <\/p>\n\n\n\n<ul>\n<li>l\u2019imprenditore agricolo \u00e8 disciplinato ai sensi dell\u2019art.2135 del Codice Civile cos\u00ec come modificato dal D.lgs. 18 maggio 2001 n. 228 il quale sancisce che <em>\u201c\u00c8 imprenditore agricolo chi esercita una delle seguenti attivit\u00e0: coltivazione del fondo, selvicoltura, allevamento di animali e attivit\u00e0 connesse.<\/em> <em>Per coltivazione del fondo, per selvicoltura e per allevamento di animali si intendono le attivit\u00e0 dirette alla cura ed allo sviluppo di un ciclo biologico o di una fase necessaria del ciclo stesso, di carattere vegetale o animale, che utilizzano o possono utilizzare il fondo, il bosco o le acque dolci, salmastre o marine.<\/em> <em>Si intendono comunque connesse le attivit\u00e0, esercitate dal medesimo imprenditore agricolo, dirette alla manipolazione, conservazione, trasformazione, commercializzazione e valorizzazione che abbiano ad oggetto prodotti ottenuti prevalentemente dalla coltivazione del fondo o del bosco o dall&#8217;allevamento di animali, nonch\u00e9 le attivit\u00e0 dirette alla fornitura di beni o servizi mediante l&#8217;utilizzazione prevalente di attrezzature o risorse dell&#8217;azienda normalmente impiegate nell&#8217;attivit\u00e0 agricola esercitata, ivi comprese le attivit\u00e0 di valorizzazione del territorio e del patrimonio rurale e forestale, ovvero di ricezione ed ospitalit\u00e0 come definite dalla legge.\u201d<\/em><\/li>\n<\/ul>\n\n\n\n<p>Attivit\u00e0 principali: Coltivazione del fondo, selvicoltura ed allevamento di animali.<\/p>\n\n\n\n<p>sono tutte le attivit\u00e0 riguardanti la cura ed lo sviluppo di un ciclo biologico o di una fase necessaria del ciclo stesso, di carattere vegetale o animale, che implicano l\u2019utilizzo del fondo, del bosco o delle acque dolci, salmastre o marine.<\/p>\n\n\n\n<p>Attivit\u00e0 connesse:<\/p>\n\n\n\n<p>sono tutte le attivit\u00e0 realizzate dallo stesso imprenditore agricolo il quale esercita la coltivazione del fondo o del bosco ovvero l\u2019allevamento di animali, le stesse attivit\u00e0 devono essere dirette alla manipolazione, conservazione, trasformazione, commercializzazione e valorizzazione dei beni e del territorio, aventi come principale oggetto prodotti ricavati prevalentemente dalla coltivazione del fondo o del bosco o dall&#8217;allevamento di animali. Inoltre, sono connesse tutte le attivit\u00e0 dirette alla fornitura di beni o servizi mediante l&#8217;utilizzazione prevalente di attrezzature o risorse dell&#8217;azienda normalmente impiegate nell&#8217;attivit\u00e0 agricola esercitata, comprese le attivit\u00e0 di valorizzazione del territorio e del patrimonio rurale e forestale, ovvero di ricezione ed ospitalit\u00e0 come definite dalla legge.<\/p>\n","protected":false},"excerpt":{"rendered":"<p>Le informazioni contenute nella presente scheda sono rese a titolo informativo; l\u2019Amministrazione non \u00e8 responsabile per eventuali refusi, imprecisioni, modifiche e novit\u00e0 normative (data aggiornamento scheda: 03\/07\/2023).<\/p>\n","protected":false},"author":37,"featured_media":20605,"parent":3910,"menu_order":0,"comment_status":"closed","ping_status":"closed","template":"","meta":[],"_links":{"self":[{"href":"https:\/\/at.comune.sestu.ca.it\/index.php\/wp-json\/wp\/v2\/pages\/20581"}],"collection":[{"href":"https:\/\/at.comune.sestu.ca.it\/index.php\/wp-json\/wp\/v2\/pages"}],"about":[{"href":"https:\/\/at.comune.sestu.ca.it\/index.php\/wp-json\/wp\/v2\/types\/page"}],"author":[{"embeddable":true,"href":"https:\/\/at.comune.sestu.ca.it\/index.php\/wp-json\/wp\/v2\/users\/37"}],"replies":[{"embeddable":true,"href":"https:\/\/at.comune.sestu.ca.it\/index.php\/wp-json\/wp\/v2\/comments?post=20581"}],"version-history":[{"count":21,"href":"https:\/\/at.comune.sestu.ca.it\/index.php\/wp-json\/wp\/v2\/pages\/20581\/revisions"}],"predecessor-version":[{"id":27591,"href":"https:\/\/at.comune.sestu.ca.it\/index.php\/wp-json\/wp\/v2\/pages\/20581\/revisions\/27591"}],"up":[{"embeddable":true,"href":"https:\/\/at.comune.sestu.ca.it\/index.php\/wp-json\/wp\/v2\/pages\/3910"}],"wp:featuredmedia":[{"embeddable":true,"href":"https:\/\/at.comune.sestu.ca.it\/index.php\/wp-json\/wp\/v2\/media\/20605"}],"wp:attachment":[{"href":"https:\/\/at.comune.sestu.ca.it\/index.php\/wp-json\/wp\/v2\/media?parent=20581"}],"curies":[{"name":"wp","href":"https:\/\/api.w.org\/{rel}","templated":true}]}}