{"id":22171,"date":"2022-10-15T14:06:49","date_gmt":"2022-10-15T12:06:49","guid":{"rendered":"https:\/\/www.comune.sestu.ca.it\/?page_id=22171"},"modified":"2023-03-07T18:59:47","modified_gmt":"2023-03-07T17:59:47","slug":"concorso-per-lassunzione-a-tempo-indeterminato-di-un-istruttore-amministrativo-contabile-codice-procedura-2022-10_con_c_amm","status":"publish","type":"page","link":"https:\/\/at.comune.sestu.ca.it\/index.php\/amministrazione-trasparente\/bandi-di-concorso\/concorsi-e-selezioni-2022\/concorso-per-lassunzione-a-tempo-indeterminato-di-un-istruttore-amministrativo-contabile-codice-procedura-2022-10_con_c_amm\/","title":{"rendered":"Concorso per l\u2019assunzione a tempo indeterminato di un istruttore amministrativo contabile \u2013 codice procedura 2022.10_Con_C_Amm"},"content":{"rendered":"\n<p>Si rende noto che con determinazione n.1182\/2022 \u00e8 stato indetto un concorso pubblico per soli esami finalizzato all\u2019assunzione a tempo pieno ed indeterminato di un istruttore amministrativo contabile, categoria \u201cC\u201d, comparto Funzioni locali.<\/p>\n\n\n\n<p>Le domande di partecipazione dovranno essere presentate entro il giorno 29 Ottobre 2022 esclusivamente attraverso il form online raggiungibile all\u2019indirizzo <a href=\"https:\/\/www2.stanzadelcittadino.it\/comune-di-sestu\/it\/?path=\/comune-di-sestu\/it\/&amp;permanent=1&amp;httpPort=80&amp;httpsPort=443\">https:\/\/www2.stanzadelcittadino.it\/comune-di-sestu\/it\/servizi\/gruppo\/risorse-umane-concorsi<\/a> previo pagamento della prevista tassa di concorso pari a 10,00 euro.<\/p>\n\n\n\n<p>La procedura \u00e8 disciplinata dal Bando consultabile in allegato. L\u2019estratto dell\u2019avviso relativo all\u2019indizione del concorso \u00e8 pubblicato nella Gazzetta Ufficiale della Repubblica Italiana \u2013 4^ serie speciale concorsi n.82 del 14\/10\/2022.<\/p>\n\n\n\n<p>Si evidenzia che la partecipazione alla procedura presuppone, tra i vari requisiti, anche il possesso di una personale casella di posta elettronica certificata e l&#8217;abilitazione SPID.<\/p>\n\n\n\n<p>La graduatoria potr\u00e0 essere utilizzata per la copertura dei posti istituiti prima dell&#8217;indizione del concorso nonch\u00e8 per copertura di tutte le posizioni che andranno a rendersi vacanti nel periodo di validit\u00e0 della stessa. <\/p>\n\n\n\n<p>In questa sezione saranno pubblicati tutti gli avvisi riguardanti la selezione.<\/p>\n\n\n\n<p><strong>Avvisi<\/strong><\/p>\n\n\n\n<p>28\/10\/2022 &#8211; Si rende noto che in relazione alla proiezione del numero complessivo di partecipanti alla selezione, il giorno 17 Novembre 2022 trover\u00e0 svolgimento su pi\u00f9 turni e nel corso dell&#8217;intera giornata, la prova preselettiva prevista dall&#8217;articolo 10 del Bando, presso i locali della Vetrina Espositiva Laboratorio Arti della Terra siti in Serrenti nella via Santa Barbara snc. In relazione alle risultanze di detta preselezione, la prova scritta prevista dall&#8217;articolo 11 del Bando si svolger\u00e0 nei medesimi locali il giorno 24 Novembre 2022. Con successiva comunicazione saranno resi noti gli orari dei turni di prova per ciascun candidato nonch\u00e9 le specifiche relative alle prove stesse, sulla base di quanto verr\u00e0 statuito dalla deputata Commissione selezionatrice.<\/p>\n\n\n\n<p>02\/11\/2022 &#8211; E&#8217; consultabile in allegato (documento n.2 in tabella) l&#8217;elenco dei soggetti aventi inoltrato istanza di partecipazione alla selezione, identificati tramite il numero di protocollo della relativa istanza, riportante il relativo status di ammissione alla procedura nonch\u00e9 l&#8217;orario di convocazione per lo svolgimento della prova preselettiva fissata per il giorno 17 Novembre 2022; le prove si svolgeranno al termine delle operazioni di identificazione. Nei prossimi giorni saranno rese note le prime determinazioni della deputata Commissione selezionatrice.<\/p>\n\n\n\n<p>09\/11\/2022 &#8211; Sono consultabili in allegato (documento n.3 in tabella) le prime determinazioni assunte dalla Commissione selezionatrice in merito allo svolgimento della procedura concorsuale.<\/p>\n\n\n\n<p>09\/11\/2022 &#8211; E&#8217; consultabile in allegato (documento n.4 in tabella) il piano operativo specifico per lo svolgimento delle prove preselettive e della prova scritta in programma nel rispetto del vigente protocollo anti Covid-19 in materia di svolgimento dei concorsi pubblici, alle cui prescrizioni tutti i candidati sono invitati ad attenersi scrupolosamente; si evidenzia che lo stesso Piano prevede l&#8217;obbligo per ciascun candidato di presentarsi alle postazioni di identificazione per lo svolgimento delle prove munito di autocertificazione attestante il rispetto di quanto ivi previsto, come da <a href=\"http:\/\/at.comune.sestu.ca.it\/wp-content\/uploads\/2022\/06\/Dichiarazione-sostitutiva-per-accesso-locali-prove-concorsuali-Covid-19-versione-2022.pdf\">fac-simile<\/a> a disposizione.<\/p>\n\n\n\n<p>17\/11\/2022 &#8211; Sono consultabili in allegato (documento n.5 in tabella) le risultanze delle prove preselettive svoltesi in data odierna con l&#8217;indicazione dello status di ammissione o meno alle fasi successive della procedura concorsuale.<\/p>\n\n\n\n<p>25\/01\/2023 &#8211; E&#8217; consultabile in allegato (documento n.11 in tabella) l&#8217;avviso relativo alla determinazione delle date per lo svolgimento dell&#8217;ultima prova prevista (colloquio), individuate nel 22 e 23 Febbraio 2023.<\/p>\n\n\n\n<p>06\/02\/2023 &#8211; Sono disponibili gli esiti e le valutazioni assegnate dalla Commissione agli elaborati relativi alla prova scritta svoltasi in data 24\/11\/2022 (documento n.12 in tabella), con conseguente status di amissione alla prova successiva e relativa convocazione.<\/p>\n\n\n\n<p>22\/02\/2023 &#8211; Sono disponibili le valutazioni assegnate dalla Commissione relative alla prova orale svoltasi in data odierna (documento n.16 in tabella).<\/p>\n\n\n\n<p>23\/02\/2023 &#8211; Sono consultabili le valutazioni assegnate dalla Commissione alla prova orale svoltasi in data odierna (documento n.17 in tabella) e la conseguente graduatoria provvisoria di merito (documento n.18 in tabella).  <\/p>\n\n\n\n<p>07\/03\/2023 &#8211; Si rende noto che con determinazione n.243 del 07\/03\/2023 sono stati approvati gli atti e la graduatoria definitiva di merito; quest&#8217;ultima \u00e8 consultabile in allegato (documento n.18 in tabella).<\/p>\n\n\n\n<p><strong>Documenti riguardanti la procedura<\/strong><\/p>\n\n\n\n<p><\/p>\n\n\n\n<figure class=\"wp-block-table is-style-stripes\"><table><tbody><tr><td>N<\/td><td class=\"has-text-align-center\" data-align=\"center\">Data<\/td><td class=\"has-text-align-center\" data-align=\"center\">Documento<\/td><\/tr><tr><td>1<\/td><td class=\"has-text-align-center\" data-align=\"center\">14\/10\/2022<\/td><td class=\"has-text-align-center\" data-align=\"center\"><a href=\"http:\/\/at.comune.sestu.ca.it\/wp-content\/uploads\/2022\/10\/bando-2022.10.Con_.C.Amm_.pdf\">Bando<\/a><\/td><\/tr><tr><td>2<\/td><td class=\"has-text-align-center\" data-align=\"center\">02\/11\/2022<\/td><td class=\"has-text-align-center\" data-align=\"center\"><a href=\"http:\/\/at.comune.sestu.ca.it\/wp-content\/uploads\/2022\/11\/Allegato-B-per-determina-approvazione-candidati.pdf\">Elenco candidati<\/a><\/td><\/tr><tr><td>3<\/td><td class=\"has-text-align-center\" data-align=\"center\">09\/11\/2022<\/td><td class=\"has-text-align-center\" data-align=\"center\"><a href=\"http:\/\/at.comune.sestu.ca.it\/wp-content\/uploads\/2022\/11\/verbale-n.1-Allegato-C-determinazioni-ed-avviso-per-i-candidati.pdf\">Determinazioni Commissione<\/a><\/td><\/tr><tr><td>4<\/td><td class=\"has-text-align-center\" data-align=\"center\">09\/11\/2022<\/td><td class=\"has-text-align-center\" data-align=\"center\"><a href=\"http:\/\/at.comune.sestu.ca.it\/wp-content\/uploads\/2022\/11\/Piano-operativo-preselezione-e-prova-scritta-concorso-istruttore-amministrativo-17-24-nov.2022-1.pdf\">Piano operativo Covid-19<\/a><\/td><\/tr><tr><td>5<\/td><td class=\"has-text-align-center\" data-align=\"center\">17\/11\/2022<\/td><td class=\"has-text-align-center\" data-align=\"center\"><a href=\"http:\/\/at.comune.sestu.ca.it\/wp-content\/uploads\/2022\/11\/esiti-prove-preselettive.pdf\">Esiti prove preselettive<\/a><\/td><\/tr><tr><td>6<\/td><td class=\"has-text-align-center\" data-align=\"center\">22\/11\/2022<\/td><td class=\"has-text-align-center\" data-align=\"center\"><a href=\"http:\/\/at.comune.sestu.ca.it\/wp-content\/uploads\/2022\/11\/Batteria-1-non-estratta.pdf\">Batteria 1 prova preselettiva<\/a><\/td><\/tr><tr><td>7<\/td><td class=\"has-text-align-center\" data-align=\"center\">22\/11\/2022<\/td><td class=\"has-text-align-center\" data-align=\"center\"> <a href=\"http:\/\/at.comune.sestu.ca.it\/wp-content\/uploads\/2022\/11\/Batteria-2-estratta.pdf\">Batteria 2 prova preselettiva<\/a><\/td><\/tr><tr><td>8<\/td><td class=\"has-text-align-center\" data-align=\"center\">22\/11\/2022<\/td><td class=\"has-text-align-center\" data-align=\"center\"><a href=\"http:\/\/at.comune.sestu.ca.it\/wp-content\/uploads\/2022\/11\/Batteria-3-estratta.pdf\">Batteria 3 prova preselettiva<\/a><\/td><\/tr><tr><td>9<\/td><td class=\"has-text-align-center\" data-align=\"center\">22\/11\/2022<\/td><td class=\"has-text-align-center\" data-align=\"center\"><a href=\"http:\/\/at.comune.sestu.ca.it\/wp-content\/uploads\/2022\/11\/Batteria-4-non-estratta.pdf\">Batteria 4 prova preselettiva<\/a><\/td><\/tr><tr><td>10<\/td><td class=\"has-text-align-center\" data-align=\"center\">22\/11\/2022<\/td><td class=\"has-text-align-center\" data-align=\"center\"><a href=\"http:\/\/at.comune.sestu.ca.it\/wp-content\/uploads\/2022\/11\/Batteria-5-estratta.pdf\">Batteria 5 prova preselettiva<\/a><\/td><\/tr><tr><td>11<\/td><td class=\"has-text-align-center\" data-align=\"center\">25\/01\/2023<\/td><td class=\"has-text-align-center\" data-align=\"center\"><a href=\"http:\/\/at.comune.sestu.ca.it\/wp-content\/uploads\/2023\/01\/avviso-del-25.01.23-svolgimento-prova-orale.pdf\">Avviso date colloquio<\/a><\/td><\/tr><tr><td>12<\/td><td class=\"has-text-align-center\" data-align=\"center\">06\/02\/2023<\/td><td class=\"has-text-align-center\" data-align=\"center\"><a href=\"http:\/\/at.comune.sestu.ca.it\/wp-content\/uploads\/2023\/02\/Esiti-prova-scritta-del-24.11.22-allegato-anonimo.pdf\">Esiti prova scritta<\/a><\/td><\/tr><tr><td>13<\/td><td class=\"has-text-align-center\" data-align=\"center\">06\/02\/2023<\/td><td class=\"has-text-align-center\" data-align=\"center\"><a href=\"http:\/\/at.comune.sestu.ca.it\/wp-content\/uploads\/2023\/02\/Traccia-n.1-non-estratta.pdf\">Traccia 1 prova scritta<\/a><\/td><\/tr><tr><td>14<\/td><td class=\"has-text-align-center\" data-align=\"center\">06\/02\/2023<\/td><td class=\"has-text-align-center\" data-align=\"center\"><a href=\"http:\/\/at.comune.sestu.ca.it\/wp-content\/uploads\/2023\/02\/Traccia-n.2-estratta.pdf\">Traccia 2 prova scritta<\/a><\/td><\/tr><tr><td>15<\/td><td class=\"has-text-align-center\" data-align=\"center\">06\/02\/2023<\/td><td class=\"has-text-align-center\" data-align=\"center\"><a href=\"http:\/\/at.comune.sestu.ca.it\/wp-content\/uploads\/2023\/02\/Traccia-n.3-non-estratta.pdf\">Traccia 3 prova scritta<\/a><\/td><\/tr><tr><td>16<\/td><td class=\"has-text-align-center\" data-align=\"center\">22\/02\/2023<\/td><td class=\"has-text-align-center\" data-align=\"center\"><a href=\"http:\/\/at.comune.sestu.ca.it\/wp-content\/uploads\/2023\/02\/Valutazione-prova-orale-anonima-1^-giornata.pdf\">Valutazioni Colloqui 22\/02\/2023<\/a><\/td><\/tr><tr><td>17<\/td><td class=\"has-text-align-center\" data-align=\"center\">23\/02\/2023<\/td><td class=\"has-text-align-center\" data-align=\"center\"><a href=\"http:\/\/at.comune.sestu.ca.it\/wp-content\/uploads\/2023\/02\/Valutazione-prova-orale-23.02.2023.pdf\">Valutazione colloqui 23\/02\/2023<\/a><\/td><\/tr><tr><td>18<\/td><td class=\"has-text-align-center\" data-align=\"center\">23\/02\/2023<\/td><td class=\"has-text-align-center\" data-align=\"center\"><a href=\"http:\/\/at.comune.sestu.ca.it\/wp-content\/uploads\/2023\/02\/Graduatoria-provvisoria-def.pdf\">Graduatoria provvisoria<\/a><\/td><\/tr><tr><td>19<\/td><td class=\"has-text-align-center\" data-align=\"center\">07\/03\/2023<\/td><td class=\"has-text-align-center\" data-align=\"center\"><a href=\"http:\/\/at.comune.sestu.ca.it\/wp-content\/uploads\/2023\/03\/Graduatoria-definitiva.pdf\">Graduatoria definitiva<\/a><\/td><\/tr><\/tbody><\/table><\/figure>\n\n\n\n<p><\/p>\n","protected":false},"excerpt":{"rendered":"<p>Si rende noto che con determinazione n.1182\/2022 \u00e8 stato indetto un concorso pubblico per soli esami finalizzato all\u2019assunzione a tempo pieno ed indeterminato di un istruttore amministrativo contabile, categoria \u201cC\u201d, comparto Funzioni locali.<\/p>\n","protected":false},"author":3,"featured_media":5284,"parent":16840,"menu_order":-2,"comment_status":"closed","ping_status":"closed","template":"","meta":[],"_links":{"self":[{"href":"https:\/\/at.comune.sestu.ca.it\/index.php\/wp-json\/wp\/v2\/pages\/22171"}],"collection":[{"href":"https:\/\/at.comune.sestu.ca.it\/index.php\/wp-json\/wp\/v2\/pages"}],"about":[{"href":"https:\/\/at.comune.sestu.ca.it\/index.php\/wp-json\/wp\/v2\/types\/page"}],"author":[{"embeddable":true,"href":"https:\/\/at.comune.sestu.ca.it\/index.php\/wp-json\/wp\/v2\/users\/3"}],"replies":[{"embeddable":true,"href":"https:\/\/at.comune.sestu.ca.it\/index.php\/wp-json\/wp\/v2\/comments?post=22171"}],"version-history":[{"count":17,"href":"https:\/\/at.comune.sestu.ca.it\/index.php\/wp-json\/wp\/v2\/pages\/22171\/revisions"}],"predecessor-version":[{"id":24426,"href":"https:\/\/at.comune.sestu.ca.it\/index.php\/wp-json\/wp\/v2\/pages\/22171\/revisions\/24426"}],"up":[{"embeddable":true,"href":"https:\/\/at.comune.sestu.ca.it\/index.php\/wp-json\/wp\/v2\/pages\/16840"}],"wp:featuredmedia":[{"embeddable":true,"href":"https:\/\/at.comune.sestu.ca.it\/index.php\/wp-json\/wp\/v2\/media\/5284"}],"wp:attachment":[{"href":"https:\/\/at.comune.sestu.ca.it\/index.php\/wp-json\/wp\/v2\/media?parent=22171"}],"curies":[{"name":"wp","href":"https:\/\/api.w.org\/{rel}","templated":true}]}}