{"id":2760,"date":"2019-08-01T08:43:35","date_gmt":"2019-08-01T07:43:35","guid":{"rendered":"http:\/\/at.comune.sestu.ca.it\/?page_id=2760"},"modified":"2024-01-17T09:12:33","modified_gmt":"2024-01-17T08:12:33","slug":"bilanci","status":"publish","type":"page","link":"https:\/\/at.comune.sestu.ca.it\/index.php\/amministrazione-trasparente\/bilanci\/","title":{"rendered":"Bilanci"},"content":{"rendered":"\n<p>Da questa sezione \u00e8 possibile accedere alle sottosezioni dedicate ai documenti e agli allegati dei bilanci preventivi e consuntivi, nonch\u00e8 al Piano degli indicatori e dei risultati attesi del bilancio, la cui pubblicazione \u00e8 prevista dall\u2019articolo 29 del decreto legislativo n.33\/2013. <\/p>\n\n\n\n<p>Ai sensi dell\u2019articolo 8 del medesimo decreto legislativo i dati, le informazioni e i documenti sono oggetto di pubblicazione per un periodo di 5 anni, decorrenti dal 1\u00b0 gennaio dell\u2019anno successivo a quello da cui decorre l\u2019obbligo di pubblicazione, e comunque fino a che gli atti pubblicati producono i loro effetti.<\/p>\n\n\n\n<p>I dati antecedenti al 01\/01\/2020 sono consultabili esclusivamente nel\u00a0<a href=\"http:\/\/oldwebsite.comune.sestu.ca.it\/piano-relazione-performance\/bilanci-programmi\">vecchio sito web dell\u2019Ente<\/a>.<\/p>\n\n\n\n<p>Attenzione! Tutte le informazioni a partire dal 01\/01\/2024 sono consultabili nella <a href=\"https:\/\/trasparenza.comune.sestu.ca.it\/?page=moduli&amp;mod=6&amp;ente=1\">nuova amministrazione trasparente del Comune<\/a><\/p>\n\n\n\n<p><\/p>\n\n\n\n<ul>\n<li> <a href=\"http:\/\/at.comune.sestu.ca.it\/index.php\/amministrazione-trasparente\/bilanci\/bilancio-preventivo-e-consuntivo-2\/\">Sezione Bilancio preventivo e consuntivo<\/a><\/li>\n\n\n\n<li> <a href=\"http:\/\/at.comune.sestu.ca.it\/index.php\/amministrazione-trasparente\/bilanci\/piano-degli-indicatori-e-risultati-attesi-di-bilancio\/\">Sezione Piano degli indicatori e risultati attesi di bilancio<\/a><\/li>\n\n\n\n<li><a href=\"http:\/\/at.comune.sestu.ca.it\/index.php\/amministrazione-trasparente\/bilanci\/bilancio-consolidato\/\" data-type=\"page\" data-id=\"10769\">Bilancio consolidato<\/a><\/li>\n<\/ul>\n","protected":false},"excerpt":{"rendered":"<p>Da questa sezione \u00e8 possibile accedere alle sottosezioni dedicate ai documenti e agli allegati dei bilanci preventivi e consuntivi, nonch\u00e8 al Piano degli indicatori e dei risultati attesi del bilancio, la cui pubblicazione \u00e8 prevista dall\u2019articolo 29 del decreto legislativo n.<\/p>\n","protected":false},"author":3,"featured_media":4677,"parent":2262,"menu_order":11,"comment_status":"closed","ping_status":"closed","template":"","meta":[],"_links":{"self":[{"href":"https:\/\/at.comune.sestu.ca.it\/index.php\/wp-json\/wp\/v2\/pages\/2760"}],"collection":[{"href":"https:\/\/at.comune.sestu.ca.it\/index.php\/wp-json\/wp\/v2\/pages"}],"about":[{"href":"https:\/\/at.comune.sestu.ca.it\/index.php\/wp-json\/wp\/v2\/types\/page"}],"author":[{"embeddable":true,"href":"https:\/\/at.comune.sestu.ca.it\/index.php\/wp-json\/wp\/v2\/users\/3"}],"replies":[{"embeddable":true,"href":"https:\/\/at.comune.sestu.ca.it\/index.php\/wp-json\/wp\/v2\/comments?post=2760"}],"version-history":[{"count":13,"href":"https:\/\/at.comune.sestu.ca.it\/index.php\/wp-json\/wp\/v2\/pages\/2760\/revisions"}],"predecessor-version":[{"id":29951,"href":"https:\/\/at.comune.sestu.ca.it\/index.php\/wp-json\/wp\/v2\/pages\/2760\/revisions\/29951"}],"up":[{"embeddable":true,"href":"https:\/\/at.comune.sestu.ca.it\/index.php\/wp-json\/wp\/v2\/pages\/2262"}],"wp:featuredmedia":[{"embeddable":true,"href":"https:\/\/at.comune.sestu.ca.it\/index.php\/wp-json\/wp\/v2\/media\/4677"}],"wp:attachment":[{"href":"https:\/\/at.comune.sestu.ca.it\/index.php\/wp-json\/wp\/v2\/media?parent=2760"}],"curies":[{"name":"wp","href":"https:\/\/api.w.org\/{rel}","templated":true}]}}