{"id":29150,"date":"2023-12-06T11:36:59","date_gmt":"2023-12-06T10:36:59","guid":{"rendered":"https:\/\/www.comune.sestu.ca.it\/?page_id=29150"},"modified":"2024-01-24T09:02:29","modified_gmt":"2024-01-24T08:02:29","slug":"consiglio-comunale-del-12-dicembre-2023","status":"publish","type":"page","link":"https:\/\/at.comune.sestu.ca.it\/index.php\/amministrazione\/organi-di-governo\/il-consiglio\/convocazioni-e-verbali\/convocazioni-e-verbali-anno-2022\/consiglio-comunale-del-12-dicembre-2023\/","title":{"rendered":"Consiglio comunale del 12 Dicembre 2023"},"content":{"rendered":"\n<p class=\"has-text-align-left\">Il Consiglio comunale \u00e8 convocato in seduta ordinaria di 1^ convocazione per il giorno <strong>Marted\u00ec 12 Dicembre 2023<\/strong>, alle ore 18:30, e in 2^ convocazione per il giorno&nbsp;<strong>Gioved\u00ec 14 Dicembre 2023<\/strong>&nbsp;alle ore 18:30 presso l\u2019aula consiliare del Comune.<\/p>\n\n\n\n<p>Ordine del giorno:<\/p>\n\n\n\n<p>Comunicazioni e Interrogazioni<\/p>\n\n\n\n<ul>\n<li>Approvazione del piano delle alienazioni e valorizzazioni immobiliari per il triennio 2024-2026.<\/li>\n\n\n\n<li>Individuazione aree P.E.E.P. e P.I.P. del territorio comunale per il triennio 2024 &#8211; 2026.<\/li>\n\n\n\n<li>Documento Unico di Programmazione (DUP) &#8211; periodo 2024\/2026 (art. 170, comma 1, del D.Lgs. n. 267\/2000).<\/li>\n<\/ul>\n\n\n\n<p>IL PRESIDENTE: Antonio Manca<\/p>\n\n\n\n<p>I verbali delle sedute sono consultabili in allegato non appena disponibili.<\/p>\n\n\n\n<div style=\"height:54px\" aria-hidden=\"true\" class=\"wp-block-spacer\"><\/div>\n\n\n\n<p><\/p>\n","protected":false},"excerpt":{"rendered":"<p>Il Consiglio comunale \u00e8 convocato in seduta ordinaria di 1^ convocazione per il giorno Marted\u00ec 12 Dicembre 2023, alle ore 18:30, e in 2^ convocazione per il giorno&nbsp;Gioved\u00ec 14 Dicembre 2023&nbsp;alle ore 18:30 presso l\u2019aula consiliare del Comune.<\/p>\n","protected":false},"author":50,"featured_media":0,"parent":18085,"menu_order":-12,"comment_status":"closed","ping_status":"closed","template":"","meta":[],"_links":{"self":[{"href":"https:\/\/at.comune.sestu.ca.it\/index.php\/wp-json\/wp\/v2\/pages\/29150"}],"collection":[{"href":"https:\/\/at.comune.sestu.ca.it\/index.php\/wp-json\/wp\/v2\/pages"}],"about":[{"href":"https:\/\/at.comune.sestu.ca.it\/index.php\/wp-json\/wp\/v2\/types\/page"}],"author":[{"embeddable":true,"href":"https:\/\/at.comune.sestu.ca.it\/index.php\/wp-json\/wp\/v2\/users\/50"}],"replies":[{"embeddable":true,"href":"https:\/\/at.comune.sestu.ca.it\/index.php\/wp-json\/wp\/v2\/comments?post=29150"}],"version-history":[{"count":2,"href":"https:\/\/at.comune.sestu.ca.it\/index.php\/wp-json\/wp\/v2\/pages\/29150\/revisions"}],"predecessor-version":[{"id":30093,"href":"https:\/\/at.comune.sestu.ca.it\/index.php\/wp-json\/wp\/v2\/pages\/29150\/revisions\/30093"}],"up":[{"embeddable":true,"href":"https:\/\/at.comune.sestu.ca.it\/index.php\/wp-json\/wp\/v2\/pages\/18085"}],"wp:attachment":[{"href":"https:\/\/at.comune.sestu.ca.it\/index.php\/wp-json\/wp\/v2\/media?parent=29150"}],"curies":[{"name":"wp","href":"https:\/\/api.w.org\/{rel}","templated":true}]}}