{"id":3251,"date":"2019-09-27T12:55:21","date_gmt":"2019-09-27T10:55:21","guid":{"rendered":"http:\/\/at.comune.sestu.ca.it\/?page_id=3251"},"modified":"2024-02-16T13:22:28","modified_gmt":"2024-02-16T12:22:28","slug":"carta-didentita-elettronica","status":"publish","type":"page","link":"https:\/\/at.comune.sestu.ca.it\/index.php\/servizi\/anagrafe-e-stato-civile\/carta-didentita-elettronica\/","title":{"rendered":"Carta d&#8217;identit\u00e0 elettronica"},"content":{"rendered":"\n<div style=\"height:31px\" aria-hidden=\"true\" class=\"wp-block-spacer\"><\/div>\n\n\n\n<h4 class=\"wp-block-heading\"><\/h4>\n\n\n\n<figure class=\"wp-block-image\"><img decoding=\"async\" loading=\"lazy\" width=\"1024\" height=\"307\" src=\"http:\/\/at.comune.sestu.ca.it\/wp-content\/uploads\/2019\/09\/Nuova-CIE-Fronte-Retro-copia-23-1024x307-1024x307.png\" alt=\"nuova cie fronte e retro\" class=\"wp-image-3262\" srcset=\"https:\/\/at.comune.sestu.ca.it\/wp-content\/uploads\/2019\/09\/Nuova-CIE-Fronte-Retro-copia-23-1024x307.png 1024w, https:\/\/at.comune.sestu.ca.it\/wp-content\/uploads\/2019\/09\/Nuova-CIE-Fronte-Retro-copia-23-1024x307-300x90.png 300w, https:\/\/at.comune.sestu.ca.it\/wp-content\/uploads\/2019\/09\/Nuova-CIE-Fronte-Retro-copia-23-1024x307-768x230.png 768w\" sizes=\"(max-width: 1024px) 100vw, 1024px\" \/><\/figure>\n\n\n\n<h4 class=\"wp-block-heading\">Cos&#8217;\u00e8<\/h4>\n\n\n\n<p>Dal 2018 il Comune di Sestu rilascia il documento di identit\u00e0 esclusivamente in formato elettronico. Vi sono alcune eccezioni (vedi sotto la sezione Casi Particolari).<\/p>\n\n\n\n<h4 class=\"wp-block-heading\">A chi si rivolge<\/h4>\n\n\n\n<p>La carta d&#8217;identit\u00e0 elettronica (CIE) pu\u00f2 essere rilasciata a tutti i cittadini, italiani e stranieri, residenti nel Comune.<\/p>\n\n\n\n<h4 class=\"wp-block-heading\">A cosa serve<\/h4>\n\n\n\n<p> Oltre all\u2019impiego ai fini dell\u2019identificazione, la nuova carta d&#8217;identit\u00e0 elettronica pu\u00f2 essere utilizzata per richiedere una identit\u00e0 digitale sul sistema SPID (Sistema Pubblico di Identit\u00e0 Digitale). Tale identit\u00e0, utilizzata assieme alla CIE, garantisce l\u2019accesso ai servizi erogati dalle pubbliche amministrazioni. Per maggiori informazioni consultare la&nbsp;<a rel=\"noreferrer noopener\" aria-label=\" (apre in una nuova scheda)\" href=\"https:\/\/www.cartaidentita.interno.gov.it\/il-microprocessore\" target=\"_blank\">sezione<\/a>&nbsp;apposita del Ministero dell&#8217;Interno. <\/p>\n\n\n\n<h4 class=\"wp-block-heading\">Chi pu\u00f2 fare domanda<\/h4>\n\n\n\n<p>Tutti i cittadini, italiani e stranieri, <strong>residenti nel Comune<\/strong> possono fare richiesta della CIE.<br>Nel caso di cittadini non residenti, l&#8217;Ufficio invita a mettersi prima in contatto (telefonico o via e-mail).<\/p>\n\n\n\n<h4 class=\"wp-block-heading\">Come si ottiene<\/h4>\n\n\n\n<p>La carta di identit\u00e0 elettronica si pu\u00f2 richiedere alla scadenza della propria carta d\u2019identit\u00e0 o in seguito a smarrimento, furto o deterioramento presso il Comune di residenza o di dimora. Si evidenzia inoltre che per favorire l&#8217;accesso ai servizi in rete della Pubblica Amministrazione da parte dei cittadini mediante l&#8217;utilizzo della CIE \u00e8 possibile rinnovare le carte di identit\u00e0 cartacee e quelle elettroniche (versione 2007) anche prima del centottantesimo giorno precedente la scadenza (Circolare n. 9\/2020 del Ministero dell&#8217;Interno &#8211; Dipartimento per gli Affari Interni e Territoriali &#8211; Direzione Centrale per i Servizi Demografici).  <br>La Carta \u00e8 spedita direttamente al cittadino che la ricever\u00e0 entro 7\/10 giorni dalla richiesta, presso il Comune o presso un indirizzo da lui indicato.<br>La validit\u00e0 della Carta di identit\u00e0 varia a seconda all\u2019et\u00e0 del titolare ed \u00e8 di:<\/p>\n\n\n\n<ul>\n<li>3 anni per i minori di et\u00e0 inferiore a 3 anni;<\/li>\n\n\n\n<li>5 anni per i minori di et\u00e0 compresa tra i 3&nbsp; e i 18 anni;<\/li>\n\n\n\n<li>10 anni per i maggiorenni.<\/li>\n<\/ul>\n\n\n\n<p><\/p>\n\n\n\n<h4 class=\"wp-block-heading\">Accedere al servizio<\/h4>\n\n\n\n<p>Per il rilascio della CIE \u00e8 necessario rivolgersi direttamente all&#8217;Ufficio Servizi demografici del Comune nei giorni e orari di apertura al pubblico: <\/p>\n\n\n\n<p>luned\u00ec &#8211; marted\u00ec &#8211; mercoled\u00ec &#8211; gioved\u00ec &#8211; venerd\u00ec dalle 11.00 alle 13.00 <\/p>\n\n\n\n<p>marted\u00ec &#8211; gioved\u00ec dalle 15.30 alle 17.00  <\/p>\n\n\n\n<p>tel. 0702360246 &#8211; 0702360247 &#8211; 0702360235 &#8211; 0702360485 &#8211; 0702360228<\/p>\n\n\n\n<p>Il cittadino residente, che richiede il rilascio del documento, dovr\u00e0:<\/p>\n\n\n\n<ul>\n<li>presentare la documentazione richiesta consistente in: 1 fototessera recente, vecchia carta d&#8217;identit\u00e0 o eventuale denuncia di smarrimento, tessera sanitaria e ricevuta di pagamento da effettuarsi esclusivamente tramite <a href=\"https:\/\/sestu.comune.plugandpay.it\/Integrazioni\/AvvisoSpontaneoPAAnonimo\">PAGOPA<\/a>;<\/li>\n\n\n\n<li>in caso di minore lo stesso dovr\u00e0 essere accompagnato da entrambe i genitori o da un genitore munito di assenso all&#8217;espatrio (modulo compilato e firmato e copia del documento d&#8217;identit\u00e0) da parte del genitore che non si presenta; <\/li>\n\n\n\n<li>manifestare la volont\u00e0 in ordine alla donazione di organi e tessuti dopo la morte a scopo trapianto;<\/li>\n\n\n\n<li>scegliere la modalit\u00e0 di consegna della carta:\n<ul>\n<li>ritiro in Comune,<\/li>\n\n\n\n<li>recapito a un indirizzo indicato.<\/li>\n<\/ul>\n<\/li>\n<\/ul>\n\n\n\n<h4 class=\"wp-block-heading\">Costi e vincoli<\/h4>\n\n\n\n<p>Costo di realizzazione e spedizione <strong>euro 21,95<\/strong>  (costo della Carta di euro 16,79, oltre i diritti fissi e di segreteria di euro euro 5,16) da pagarsi esclusivamente tramite <a href=\"https:\/\/sestu.comune.plugandpay.it\/Integrazioni\/AvvisoSpontaneoPAAnonimo\">PAGOPA<\/a>. <\/p>\n\n\n\n<p>Costo duplicato per smarrimento o deterioramento di carta d&#8217;identit\u00e0 elettronica gi\u00e0 precedentemente rilasciata <strong>euro<\/strong> <strong>27,11<\/strong> (costo della Carta di euro 16,79, oltre i diritti fissi e di segreteria di euro euro 10,32) da pagarsi esclusivamente tramite <a href=\"https:\/\/sestu.comune.plugandpay.it\/Integrazioni\/AvvisoSpontaneoPAAnonimo\">PAGOPA<\/a>.<\/p>\n\n\n\n<h4 class=\"wp-block-heading\">Tempi di rilascio<\/h4>\n\n\n\n<p>La Carta \u00e8 rilasciata entro<strong> 6 giorni lavorativi<\/strong> dalla richiesta.<\/p>\n\n\n\n<h4 class=\"wp-block-heading\">Casi particolari<\/h4>\n\n\n\n<p>Rilascio Carta d&#8217;Identit\u00e0 cartacea &#8211; contattare preventivamente l&#8217;ufficio Servizi Demografici ai numeri 0702360228 &#8211; 0702360472 &#8211; 0702360485<\/p>\n\n\n\n<p>E&#8217;ancora possibile rilasciare la carta d&#8217;identit\u00e0 cartacea nei seguenti casi:<\/p>\n\n\n\n<ol>\n<li>cittadino residente all&#8217;estero ed iscritto AIRE nel Comune di Sestu;<\/li>\n\n\n\n<li>casi di&nbsp;<em>documentata<\/em>&nbsp;urgenza<\/li>\n<\/ol>\n\n\n\n<h4 class=\"wp-block-heading\">Siti esterni<\/h4>\n\n\n\n<ul>\n<li><a href=\"http:\/\/www.cartaidentita.interno.gov.it\/\" target=\"_blank\" rel=\"noreferrer noopener\" aria-label=\"Carta Identit\u00e0 (Ministero dell'interno) (apre in una nuova scheda)\">Carta Identit\u00e0 (Ministero dell&#8217;interno)<\/a><\/li>\n<\/ul>\n\n\n\n<h4 class=\"wp-block-heading\">Orario Ufficio Servizi Demografici<\/h4>\n\n\n\n<table id=\"tablepress-72\" class=\"tablepress tablepress-id-72 tablepress-responsive\">\n<tbody>\n<tr class=\"row-1 odd\">\n\t<td colspan=\"5\" class=\"column-1\"><strong>Orario al pubblico<\/strong><\/td>\n<\/tr>\n<tr class=\"row-2 even\">\n\t<td class=\"column-1\"><strong> Luned\u00ec<\/strong><br \/>\n11:00\/13:00<\/td><td class=\"column-2\"><strong>Marted\u00ec<\/strong><br \/>\n11:00\/13:00<br \/>\n15:30\/17:00<\/td><td class=\"column-3\"><strong>Mercoled\u00ec<\/strong><br \/>\n11:00\/13:00<\/td><td class=\"column-4\"><strong>Gioved\u00ec<\/strong><br \/>\n11:00\/13:00<br \/>\n15:30\/17:00<\/td><td class=\"column-5\"><strong>Venerd\u00ec<\/strong><br \/>\n11:00\/13:00<\/td>\n<\/tr>\n<\/tbody>\n<\/table>\n<!-- #tablepress-72 from cache -->\n\n\n\n<p><\/p>\n","protected":false},"excerpt":{"rendered":"<p>Cos&#8217;\u00e8 Dal 2018 il Comune di Sestu rilascia il documento di identit\u00e0 esclusivamente in formato elettronico.<\/p>\n","protected":false},"author":3,"featured_media":0,"parent":3898,"menu_order":1,"comment_status":"closed","ping_status":"closed","template":"","meta":[],"_links":{"self":[{"href":"https:\/\/at.comune.sestu.ca.it\/index.php\/wp-json\/wp\/v2\/pages\/3251"}],"collection":[{"href":"https:\/\/at.comune.sestu.ca.it\/index.php\/wp-json\/wp\/v2\/pages"}],"about":[{"href":"https:\/\/at.comune.sestu.ca.it\/index.php\/wp-json\/wp\/v2\/types\/page"}],"author":[{"embeddable":true,"href":"https:\/\/at.comune.sestu.ca.it\/index.php\/wp-json\/wp\/v2\/users\/3"}],"replies":[{"embeddable":true,"href":"https:\/\/at.comune.sestu.ca.it\/index.php\/wp-json\/wp\/v2\/comments?post=3251"}],"version-history":[{"count":39,"href":"https:\/\/at.comune.sestu.ca.it\/index.php\/wp-json\/wp\/v2\/pages\/3251\/revisions"}],"predecessor-version":[{"id":30361,"href":"https:\/\/at.comune.sestu.ca.it\/index.php\/wp-json\/wp\/v2\/pages\/3251\/revisions\/30361"}],"up":[{"embeddable":true,"href":"https:\/\/at.comune.sestu.ca.it\/index.php\/wp-json\/wp\/v2\/pages\/3898"}],"wp:attachment":[{"href":"https:\/\/at.comune.sestu.ca.it\/index.php\/wp-json\/wp\/v2\/media?parent=3251"}],"curies":[{"name":"wp","href":"https:\/\/api.w.org\/{rel}","templated":true}]}}