{"id":378,"date":"2018-11-29T12:38:40","date_gmt":"2018-11-29T11:38:40","guid":{"rendered":"http:\/\/192.168.10.215\/wordpress\/?page_id=378"},"modified":"2024-01-17T13:44:54","modified_gmt":"2024-01-17T12:44:54","slug":"ufficio-segretariato-sociale","status":"publish","type":"page","link":"https:\/\/at.comune.sestu.ca.it\/index.php\/amministrazione\/aree-amministrative\/settore-1\/ufficio-segretariato-sociale\/","title":{"rendered":"Segretariato Sociale"},"content":{"rendered":"\n<div style=\"height:39px\" aria-hidden=\"true\" class=\"wp-block-spacer\"><\/div>\n\n\n\n<table id=\"tablepress-36\" class=\"tablepress tablepress-id-36 tablepress-responsive tablepress-responsive-stack-phone\">\n<tbody class=\"row-hover\">\n<tr class=\"row-1 odd\">\n\t<td colspan=\"5\" class=\"column-1\"><strong>Orario Ufficio<\/strong><\/td>\n<\/tr>\n<tr class=\"row-2 even\">\n\t<td class=\"column-1\"><strong> Luned\u00ec<\/strong><br \/>\n10.30\/11.30<\/td><td class=\"column-2\"><strong>Marted\u00ec<\/strong><br \/>\n16:00\/17:00<\/td><td class=\"column-3\"><strong>Mercoled\u00ec<\/strong><br \/>\n<\/td><td class=\"column-4\"><strong>Gioved\u00ec<\/strong><br \/>\n<\/td><td class=\"column-5\"><strong>Venerd\u00ec<\/strong><br \/>\n10.30\/11.30<\/td>\n<\/tr>\n<tr class=\"row-3 odd\">\n\t<td colspan=\"5\" class=\"column-1\">Per comunicazioni urgenti, dal luned\u00ec al venerd\u00ec in orario di servizio, \u00e8 possibile contattare il segretariato sociale al numero 070 237339<\/td>\n<\/tr>\n<\/tbody>\n<\/table>\n<!-- #tablepress-36 from cache -->\n\n\n\n<table id=\"tablepress-37\" class=\"tablepress tablepress-id-37 tablepress-responsive tablepress-responsive-stack-phone\">\n<tbody>\n<tr class=\"row-1 odd\">\n\t<td class=\"column-1\"><strong>Indirizzo<\/strong><\/td><td class=\"column-2\">Via Piave 1<\/td>\n<\/tr>\n<\/tbody>\n<\/table>\n<!-- #tablepress-37 from cache -->\n\n\n\n<table id=\"tablepress-38\" class=\"tablepress tablepress-id-38 tablepress-responsive tablepress-responsive-stack-phone\">\n<thead>\n<tr class=\"row-1\">\n\t<th class=\"column-1\"><strong>Telefono<\/strong><\/th><th class=\"column-2\">070237339<\/th>\n<\/tr>\n<\/thead>\n<tbody>\n<tr class=\"row-2\">\n\t<td class=\"column-1\"><strong>Email<\/strong><\/td><td class=\"column-2\"><a href=\"mailto:segretariato.sociale@comune.sestu.ca.it \">segretariato.sociale@comune.sestu.ca.it <\/a><\/td>\n<\/tr>\n<\/tbody>\n<\/table>\n<!-- #tablepress-38 from cache -->\n\n\n\n<p><strong>Referenti:<\/strong><\/p>\n\n\n\n<p>Sara Corronca<br>Valentina Fenza<br>Ballone Federica<br><\/p>\n","protected":false},"excerpt":{"rendered":"","protected":false},"author":1,"featured_media":0,"parent":310,"menu_order":3,"comment_status":"closed","ping_status":"closed","template":"","meta":[],"_links":{"self":[{"href":"https:\/\/at.comune.sestu.ca.it\/index.php\/wp-json\/wp\/v2\/pages\/378"}],"collection":[{"href":"https:\/\/at.comune.sestu.ca.it\/index.php\/wp-json\/wp\/v2\/pages"}],"about":[{"href":"https:\/\/at.comune.sestu.ca.it\/index.php\/wp-json\/wp\/v2\/types\/page"}],"author":[{"embeddable":true,"href":"https:\/\/at.comune.sestu.ca.it\/index.php\/wp-json\/wp\/v2\/users\/1"}],"replies":[{"embeddable":true,"href":"https:\/\/at.comune.sestu.ca.it\/index.php\/wp-json\/wp\/v2\/comments?post=378"}],"version-history":[{"count":9,"href":"https:\/\/at.comune.sestu.ca.it\/index.php\/wp-json\/wp\/v2\/pages\/378\/revisions"}],"predecessor-version":[{"id":29965,"href":"https:\/\/at.comune.sestu.ca.it\/index.php\/wp-json\/wp\/v2\/pages\/378\/revisions\/29965"}],"up":[{"embeddable":true,"href":"https:\/\/at.comune.sestu.ca.it\/index.php\/wp-json\/wp\/v2\/pages\/310"}],"wp:attachment":[{"href":"https:\/\/at.comune.sestu.ca.it\/index.php\/wp-json\/wp\/v2\/media?parent=378"}],"curies":[{"name":"wp","href":"https:\/\/api.w.org\/{rel}","templated":true}]}}