{"id":4414,"date":"2020-01-02T18:56:48","date_gmt":"2020-01-02T17:56:48","guid":{"rendered":"http:\/\/at.comune.sestu.ca.it\/?page_id=4414"},"modified":"2023-05-09T13:21:29","modified_gmt":"2023-05-09T11:21:29","slug":"tributi","status":"publish","type":"page","link":"https:\/\/at.comune.sestu.ca.it\/index.php\/servizi\/tributi\/","title":{"rendered":"Tributi"},"content":{"rendered":"\n<div class=\"wp-block-buttons is-layout-flex\">\n<div class=\"wp-block-button\"><a class=\"wp-block-button__link has-colore-primario-background-color has-background wp-element-button\" href=\"http:\/\/at.comune.sestu.ca.it\/index.php\/modulistica\/modulistica-tributi\/\" style=\"border-radius:50px\">Modulistica tributi<\/a><\/div>\n<\/div>\n\n\n\n<p><\/p>\n\n\n\n<div class=\"wp-block-buttons is-layout-flex\">\n<div class=\"wp-block-button is-style-fill\"><a class=\"wp-block-button__link has-colore-primario-background-color has-background wp-element-button\" href=\"http:\/\/at.comune.sestu.ca.it\/index.php\/servizi\/tributi\/normativa-tributi-anno-2020\/\" style=\"border-radius:50px\" target=\"_blank\" rel=\"noreferrer noopener\">Normativa IMU<\/a><\/div>\n<\/div>\n\n\n\n<p><\/p>\n\n\n\n<div class=\"wp-block-buttons is-layout-flex\">\n<div class=\"wp-block-button is-style-fill\"><a class=\"wp-block-button__link has-colore-primario-background-color has-background wp-element-button\" href=\"http:\/\/at.comune.sestu.ca.it\/index.php\/servizi\/tributi\/normativa-tari\/\" style=\"border-radius:50px\" target=\"_blank\" rel=\"noreferrer noopener\">Normativa TARI<\/a><\/div>\n<\/div>\n\n\n\n<p><\/p>\n\n\n\n<div class=\"wp-block-buttons is-layout-flex\">\n<div class=\"wp-block-button is-style-fill\"><a class=\"wp-block-button__link has-colore-primario-background-color has-background wp-element-button\" href=\"http:\/\/at.comune.sestu.ca.it\/index.php\/servizi\/tributi\/normativa-altro\/\" style=\"border-radius:50px\" target=\"_blank\" rel=\"noreferrer noopener\">Normativa Altro<\/a><\/div>\n<\/div>\n\n\n\n<p><\/p>\n\n\n\n<div class=\"wp-block-buttons is-layout-flex\">\n<div class=\"wp-block-button is-style-fill\"><a class=\"wp-block-button__link has-colore-primario-background-color has-background wp-element-button\" href=\"http:\/\/at.comune.sestu.ca.it\/index.php\/servizi\/tributi\/normativa-anni-precedenti\/\" style=\"border-radius:50px\" target=\"_blank\" rel=\"noreferrer noopener\">Normativa Anni precedenti<\/a><\/div>\n<\/div>\n\n\n\n<p><\/p>\n\n\n\n<div class=\"wp-block-buttons is-layout-flex\">\n<div class=\"wp-block-button is-style-outline\"><a class=\"wp-block-button__link wp-element-button\" href=\"http:\/\/at.comune.sestu.ca.it\/index.php\/amministrazione\/aree-amministrative\/settore-servizi-finanziari-e-tributi\/ufficio-tributi\/\" target=\"_blank\" rel=\"noreferrer noopener\">Contatti<\/a><\/div>\n<\/div>\n\n\n\n<p><\/p>\n\n\n\n<p><\/p>\n\n\n\n<div style=\"height:36px\" aria-hidden=\"true\" class=\"wp-block-spacer\"><\/div>\n\n\n\n<div style=\"height:37px\" aria-hidden=\"true\" class=\"wp-block-spacer\"><\/div>\n\n\n<div class=\"wp-block-image\">\n<figure class=\"alignleft size-large\"><img decoding=\"async\" src=\"http:\/\/at.comune.sestu.ca.it\/wp-content\/uploads\/2023\/05\/calcoloIMU23-banner-200.png\" alt=\"\"\/><figcaption class=\"wp-element-caption\"><a href=\"https:\/\/www.riscotel.it\/calcoloimu\/?comune=I695\">CALCOLO IMU 2023<\/a><\/figcaption><\/figure><\/div>\n\n\n<p><br><br><br><\/p>\n\n\n\n<p><\/p>\n\n\n\n<div style=\"height:100px\" aria-hidden=\"true\" class=\"wp-block-spacer\"><\/div>\n\n\n\n<p><\/p>\n\n\n<ul class=\"wp-block-latest-posts__list has-dates wp-block-latest-posts\"><li><a class=\"wp-block-latest-posts__post-title\" href=\"https:\/\/at.comune.sestu.ca.it\/index.php\/2024\/01\/09\/emissione-avvisi-di-pagamento-tari-2023-2\/\">Emissione avvisi di pagamento TARI 2023<\/a><time datetime=\"2024-01-09T10:55:05+01:00\" class=\"wp-block-latest-posts__post-date\">09\/01\/2024<\/time><div class=\"wp-block-latest-posts__post-excerpt\">A causa di una serie di problemi tecnici la spedizione della TARI 2023 \u00e8 in ritardo e per questo motivo gli avvisi saranno recapitati con rate gi\u00e0 scadute; tuttavia, come specificato anche nella prima pagina dell&#8217;avviso, il pagamento potr\u00e0 essere effettuato oltre i termini di scadenza senza aggravio di spese di alcun genere, in quanto il ritardo non \u00e8 imputabile ai contribuenti (&#8230;segue).<\/div><\/li>\n<li><a class=\"wp-block-latest-posts__post-title\" href=\"https:\/\/at.comune.sestu.ca.it\/index.php\/2023\/11\/15\/emissione-avvisi-di-pagamento-tari-2023\/\">Emissione avvisi di pagamento TARI 2023<\/a><time datetime=\"2023-11-15T10:57:24+01:00\" class=\"wp-block-latest-posts__post-date\">15\/11\/2023<\/time><div class=\"wp-block-latest-posts__post-excerpt\">Si rende noto che gli avvisi di pagamento TARI relativi all\u2019anno 2023 sono in fase di invio via mail ordinaria o via PEC alle persone giuridiche e ai contribuenti che ne hanno fatto richiesta; ai restanti contribuenti l\u2019avviso sar\u00e0 recapitato mediante il servizio postale nelle prossime settimane.<\/div><\/li>\n<li><a class=\"wp-block-latest-posts__post-title\" href=\"https:\/\/at.comune.sestu.ca.it\/index.php\/2023\/06\/06\/avviso-scadenza-acconto-imu-2023\/\">Avviso scadenza acconto IMU 2023<\/a><time datetime=\"2023-06-06T09:49:57+02:00\" class=\"wp-block-latest-posts__post-date\">06\/06\/2023<\/time><div class=\"wp-block-latest-posts__post-excerpt\">Si ricorda che il giorno 16 giugno 2023 scade il termine per il pagamento della prima rata dell\u2019IMU dovuta per l\u2019anno 2023 e per il pagamento dell\u2019imposta dovuta per l\u2019intero anno in unica soluzione; il versamento della rata a saldo dovr\u00e0 essere eseguito entro il 18 dicembre 2023 (primo giorno non festivo successivo alla scadenza per il pagamento del saldo, sabato 16 dicembre 2023).<\/div><\/li>\n<li><a class=\"wp-block-latest-posts__post-title\" href=\"https:\/\/at.comune.sestu.ca.it\/index.php\/2022\/12\/12\/avviso-scadenza-saldo-imu-2022\/\">Avviso scadenza saldo IMU 2022<\/a><time datetime=\"2022-12-12T10:21:57+01:00\" class=\"wp-block-latest-posts__post-date\">12\/12\/2022<\/time><div class=\"wp-block-latest-posts__post-excerpt\">Si ricorda che il giorno 16 dicembre 2022 scade il termine per il pagamento del saldo dell\u2019IMU dovuta per l\u2019anno 2022.<\/div><\/li>\n<li><a class=\"wp-block-latest-posts__post-title\" href=\"https:\/\/at.comune.sestu.ca.it\/index.php\/2022\/11\/30\/emissione-avvisi-di-pagamento-tari-2022\/\">Emissione avvisi di pagamento TARI 2022<\/a><time datetime=\"2022-11-30T13:07:53+01:00\" class=\"wp-block-latest-posts__post-date\">30\/11\/2022<\/time><div class=\"wp-block-latest-posts__post-excerpt\">Si rende noto che gli avvisi di pagamento TARI relativi all\u2019anno 2022 sono stati inviati via mail ordinaria o via PEC alle persone giuridiche e ai contribuenti che ne hanno fatto richiesta; ai restanti contribuenti l\u2019avviso sar\u00e0 recapitato mediante il servizio postale nelle prossime settimane. Per i contribuenti residenti nelle localit\u00e0 di campagna o con indirizzi di residenza privi del numero civico, non \u00e8 prevista la postalizzazione. Gli avvisi possono essere scaricati con le modalit\u00e0 indicate nell&#8217;articolo.<\/div><\/li>\n<li><a class=\"wp-block-latest-posts__post-title\" href=\"https:\/\/at.comune.sestu.ca.it\/index.php\/2022\/05\/31\/avviso-scadenza-acconto-imu-2022\/\">Avviso scadenza acconto IMU 2022<\/a><time datetime=\"2022-05-31T16:17:04+02:00\" class=\"wp-block-latest-posts__post-date\">31\/05\/2022<\/time><div class=\"wp-block-latest-posts__post-excerpt\">Si ricorda che il giorno 16 giugno 2022 scade il termine per il pagamento della prima rata dell\u2019IMU dovuta per l\u2019anno 2022 e per il pagamento dell\u2019imposta dovuta per l\u2019intero anno in unica soluzione; il versamento della rata a saldo dovr\u00e0 essere eseguito entro il 16 dicembre 2022.<\/div><\/li>\n<li><a class=\"wp-block-latest-posts__post-title\" href=\"https:\/\/at.comune.sestu.ca.it\/index.php\/2022\/02\/15\/informativa-riduzioni-tari-utenze-non-domestiche\/\">Informativa riduzioni TARI utenze non domestiche<\/a><time datetime=\"2022-02-15T11:34:12+01:00\" class=\"wp-block-latest-posts__post-date\">15\/02\/2022<\/time><div class=\"wp-block-latest-posts__post-excerpt\">A seguito delle recenti novit\u00e0 in materia di rifiuti, si condivide con le utenze interessate l&#8217;informativa relativa alle riduzioni TARI previste dal regolamento per le utenze non domestiche.<\/div><\/li>\n<li><a class=\"wp-block-latest-posts__post-title\" href=\"https:\/\/at.comune.sestu.ca.it\/index.php\/2021\/12\/03\/avviso-scadenza-saldo-imu-2021\/\">Avviso scadenza saldo IMU 2021<\/a><time datetime=\"2021-12-03T14:00:19+01:00\" class=\"wp-block-latest-posts__post-date\">03\/12\/2021<\/time><div class=\"wp-block-latest-posts__post-excerpt\">Si ricorda che il giorno 16 dicembre 2021 scade il termine per il pagamento del saldo dell\u2019IMU dovuta per l\u2019anno 2021, sulla base delle aliquote che il Consiglio Comunale ha deliberato in data 22 luglio 2020 (delibera n.<\/div><\/li>\n<li><a class=\"wp-block-latest-posts__post-title\" href=\"https:\/\/at.comune.sestu.ca.it\/index.php\/2021\/06\/04\/avviso-scadenza-acconto-imu-2021\/\">Avviso scadenza acconto IMU 2021<\/a><time datetime=\"2021-06-04T11:26:51+02:00\" class=\"wp-block-latest-posts__post-date\">04\/06\/2021<\/time><div class=\"wp-block-latest-posts__post-excerpt\">Si ricorda che il giorno 16 giugno 2021 scade il termine per il pagamento della prima rata dell\u2019IMU dovuta per l\u2019anno 2021 e per il pagamento dell\u2019imposta dovuta per l\u2019intero anno in unica soluzione; il versamento della rata a saldo dovr\u00e0 essere eseguito entro il 16 dicembre 2021. \nSi informa, infine, che le aliquote sono rimaste invariate rispetto al 2020.<\/div><\/li>\n<li><a class=\"wp-block-latest-posts__post-title\" href=\"https:\/\/at.comune.sestu.ca.it\/index.php\/2021\/06\/01\/istanze-di-riduzione-tari-anno-2021\/\">Istanze di riduzione TARI anno 2021<\/a><time datetime=\"2021-06-01T13:28:43+02:00\" class=\"wp-block-latest-posts__post-date\">01\/06\/2021<\/time><div class=\"wp-block-latest-posts__post-excerpt\">Si informa che il giorno 30 Giugno 2021 scade il termine per la presentazione delle istanze di riduzione TARI dovuta per l\u2019anno 2021 da parte dei contribuenti ultra settantenni e dei produttori di rifiuti speciali.<\/div><\/li>\n<\/ul>\n\n\n<p><\/p>\n","protected":false},"excerpt":{"rendered":"","protected":false},"author":3,"featured_media":4753,"parent":4512,"menu_order":9,"comment_status":"closed","ping_status":"closed","template":"","meta":[],"_links":{"self":[{"href":"https:\/\/at.comune.sestu.ca.it\/index.php\/wp-json\/wp\/v2\/pages\/4414"}],"collection":[{"href":"https:\/\/at.comune.sestu.ca.it\/index.php\/wp-json\/wp\/v2\/pages"}],"about":[{"href":"https:\/\/at.comune.sestu.ca.it\/index.php\/wp-json\/wp\/v2\/types\/page"}],"author":[{"embeddable":true,"href":"https:\/\/at.comune.sestu.ca.it\/index.php\/wp-json\/wp\/v2\/users\/3"}],"replies":[{"embeddable":true,"href":"https:\/\/at.comune.sestu.ca.it\/index.php\/wp-json\/wp\/v2\/comments?post=4414"}],"version-history":[{"count":32,"href":"https:\/\/at.comune.sestu.ca.it\/index.php\/wp-json\/wp\/v2\/pages\/4414\/revisions"}],"predecessor-version":[{"id":25512,"href":"https:\/\/at.comune.sestu.ca.it\/index.php\/wp-json\/wp\/v2\/pages\/4414\/revisions\/25512"}],"up":[{"embeddable":true,"href":"https:\/\/at.comune.sestu.ca.it\/index.php\/wp-json\/wp\/v2\/pages\/4512"}],"wp:featuredmedia":[{"embeddable":true,"href":"https:\/\/at.comune.sestu.ca.it\/index.php\/wp-json\/wp\/v2\/media\/4753"}],"wp:attachment":[{"href":"https:\/\/at.comune.sestu.ca.it\/index.php\/wp-json\/wp\/v2\/media?parent=4414"}],"curies":[{"name":"wp","href":"https:\/\/api.w.org\/{rel}","templated":true}]}}