{"id":6211,"date":"2020-02-28T16:04:23","date_gmt":"2020-02-28T15:04:23","guid":{"rendered":"https:\/\/www.comune.sestu.ca.it\/?page_id=6211"},"modified":"2020-02-28T16:20:27","modified_gmt":"2020-02-28T15:20:27","slug":"calendari-programmazione-postazioni-di-controllo-elettronico-della-velocita","status":"publish","type":"page","link":"https:\/\/at.comune.sestu.ca.it\/index.php\/amministrazione\/sedi\/polizia-locale\/controllo-elettronico-della-velocita\/calendari-programmazione-postazioni-di-controllo-elettronico-della-velocita\/","title":{"rendered":"Calendario programmazione postazioni di controllo elettronico della velocit\u00e0"},"content":{"rendered":"\n<div style=\"height:71px\" aria-hidden=\"true\" class=\"wp-block-spacer\"><\/div>\n\n\n\n<p>A partire dal mese di <strong>marzo 2020<\/strong>, il Comando di Polizia Locale, predisporr\u00e0 il rilevamento elettronico della velocit\u00e0 al fine di contrastare le violazioni previste dal Codice  della strada in materia di superamento dei limiti di velocit\u00e0.  Le postazioni di controllo per il rilevamento della velocit\u00e0 saranno, di volta in volta  presegnalate, a norma di legge, dall&#8217;apposito segnale stradale di indicazione temporaneo ad  alta visibilit\u00e0 riproducente l&#8217;iscrizione <strong>\u201cCONTROLLO ELETTRONICO DELLA VELOCITA&#8217;\u201d<\/strong>  nonch\u00e9 da cartello, posizionato in prossimit\u00e0 della postazione, indicante il simbolo della Polizia  Locale.  L&#8217;apparecchiatura tecnica per il rilevamento sar\u00e0 impiegata con la presenza e sotto il  costante controllo del personale appartenente al Comando di Polizia Locale. <br> Il calendario potr\u00e0 essere oggetto di variazioni in relazione a sopravvenute e  imprevedibili esigenze di servizio.<\/p>\n\n\n\n<div style=\"height:55px\" aria-hidden=\"true\" class=\"wp-block-spacer\"><\/div>\n\n\n\n<table id=\"tablepress-203\" class=\"tablepress tablepress-id-203 tablepress-responsive tablepress-responsive-stack-phone\">\n<thead>\n<tr class=\"row-1 odd\">\n\t<th class=\"column-1\">Mese<\/th><th class=\"column-2\">File calendario postazioni mobili<\/th>\n<\/tr>\n<\/thead>\n<tbody class=\"row-hover\">\n<tr class=\"row-2 even\">\n\t<td class=\"column-1\">Marzo<\/td><td class=\"column-2\"><a href=\"http:\/\/at.comune.sestu.ca.it\/wp-content\/uploads\/2020\/02\/Calendario-postazioni-controllo-marzo-2020.pdf\">Calendario marzo 2020<\/a><\/td>\n<\/tr>\n<\/tbody>\n<\/table>\n<!-- #tablepress-203 from cache -->\n","protected":false},"excerpt":{"rendered":"<p>A partire dal mese di marzo 2020, il Comando di Polizia Locale, predisporr\u00e0 il rilevamento elettronico della velocit\u00e0 al fine di contrastare le violazioni previste dal Codice della strada in materia di superamento dei limiti di velocit\u00e0.<\/p>\n","protected":false},"author":3,"featured_media":0,"parent":6123,"menu_order":0,"comment_status":"closed","ping_status":"closed","template":"","meta":[],"_links":{"self":[{"href":"https:\/\/at.comune.sestu.ca.it\/index.php\/wp-json\/wp\/v2\/pages\/6211"}],"collection":[{"href":"https:\/\/at.comune.sestu.ca.it\/index.php\/wp-json\/wp\/v2\/pages"}],"about":[{"href":"https:\/\/at.comune.sestu.ca.it\/index.php\/wp-json\/wp\/v2\/types\/page"}],"author":[{"embeddable":true,"href":"https:\/\/at.comune.sestu.ca.it\/index.php\/wp-json\/wp\/v2\/users\/3"}],"replies":[{"embeddable":true,"href":"https:\/\/at.comune.sestu.ca.it\/index.php\/wp-json\/wp\/v2\/comments?post=6211"}],"version-history":[{"count":7,"href":"https:\/\/at.comune.sestu.ca.it\/index.php\/wp-json\/wp\/v2\/pages\/6211\/revisions"}],"predecessor-version":[{"id":6223,"href":"https:\/\/at.comune.sestu.ca.it\/index.php\/wp-json\/wp\/v2\/pages\/6211\/revisions\/6223"}],"up":[{"embeddable":true,"href":"https:\/\/at.comune.sestu.ca.it\/index.php\/wp-json\/wp\/v2\/pages\/6123"}],"wp:attachment":[{"href":"https:\/\/at.comune.sestu.ca.it\/index.php\/wp-json\/wp\/v2\/media?parent=6211"}],"curies":[{"name":"wp","href":"https:\/\/api.w.org\/{rel}","templated":true}]}}