{"id":6374,"date":"2020-03-09T18:12:24","date_gmt":"2020-03-09T17:12:24","guid":{"rendered":"https:\/\/www.comune.sestu.ca.it\/?page_id=6374"},"modified":"2024-06-26T12:31:19","modified_gmt":"2024-06-26T10:31:19","slug":"dati-relativi-ai-premi-del-segretario-generale","status":"publish","type":"page","link":"https:\/\/at.comune.sestu.ca.it\/index.php\/amministrazione-trasparente\/performance\/dati-relativi-ai-premi\/dati-relativi-ai-premi-del-segretario-generale\/","title":{"rendered":"Dati relativi ai premi del Segretario Generale"},"content":{"rendered":"\n<p>In questa sezione \u00e8 possibile conoscere l&#8217;entit\u00e0 dei premi erogati al Segretario generale per ciascuna annualit\u00e0 a partire dal 2013.<\/p>\n\n\n\n<p>Dati aggiornati al 30\/04\/2024<\/p>\n","protected":false},"excerpt":{"rendered":"<p>In questa sezione \u00e8 possibile conoscere l&#8217;entit\u00e0 dei premi erogati al Segretario generale per ciascuna annualit\u00e0 a partire dal 2013.<\/p>\n","protected":false},"author":3,"featured_media":0,"parent":2567,"menu_order":2,"comment_status":"closed","ping_status":"closed","template":"","meta":[],"_links":{"self":[{"href":"https:\/\/at.comune.sestu.ca.it\/index.php\/wp-json\/wp\/v2\/pages\/6374"}],"collection":[{"href":"https:\/\/at.comune.sestu.ca.it\/index.php\/wp-json\/wp\/v2\/pages"}],"about":[{"href":"https:\/\/at.comune.sestu.ca.it\/index.php\/wp-json\/wp\/v2\/types\/page"}],"author":[{"embeddable":true,"href":"https:\/\/at.comune.sestu.ca.it\/index.php\/wp-json\/wp\/v2\/users\/3"}],"replies":[{"embeddable":true,"href":"https:\/\/at.comune.sestu.ca.it\/index.php\/wp-json\/wp\/v2\/comments?post=6374"}],"version-history":[{"count":5,"href":"https:\/\/at.comune.sestu.ca.it\/index.php\/wp-json\/wp\/v2\/pages\/6374\/revisions"}],"predecessor-version":[{"id":31047,"href":"https:\/\/at.comune.sestu.ca.it\/index.php\/wp-json\/wp\/v2\/pages\/6374\/revisions\/31047"}],"up":[{"embeddable":true,"href":"https:\/\/at.comune.sestu.ca.it\/index.php\/wp-json\/wp\/v2\/pages\/2567"}],"wp:attachment":[{"href":"https:\/\/at.comune.sestu.ca.it\/index.php\/wp-json\/wp\/v2\/media?parent=6374"}],"curies":[{"name":"wp","href":"https:\/\/api.w.org\/{rel}","templated":true}]}}