{"id":9184,"date":"2020-09-29T19:11:16","date_gmt":"2020-09-29T17:11:16","guid":{"rendered":"https:\/\/www.comune.sestu.ca.it\/?page_id=9184"},"modified":"2021-11-26T14:40:30","modified_gmt":"2021-11-26T13:40:30","slug":"concorso-per-lassunzione-a-tempo-indeterminato-di-un-istruttore-direttivo-amministrativo-contabile-codice-procedura-2020-09_con_d_amm","status":"publish","type":"page","link":"https:\/\/at.comune.sestu.ca.it\/index.php\/amministrazione-trasparente\/bandi-di-concorso\/concorsi-2020\/concorso-per-lassunzione-a-tempo-indeterminato-di-un-istruttore-direttivo-amministrativo-contabile-codice-procedura-2020-09_con_d_amm\/","title":{"rendered":"Concorso per l\u2019assunzione a tempo indeterminato di due istruttori direttivi amministrativo contabili \u2013 codice procedura 2020.09_Con_D_Amm"},"content":{"rendered":"\n<p>Si rende noto che con determinazione n.986 del 29\/09\/2020 \u00e8 stato indetto un concorso pubblico per soli esami finalizzato all\u2019assunzione a tempo pieno ed indeterminato di un istruttore direttivo amministrativo contabile, categoria \u201cD\u201d, comparto Funzioni locali.<\/p>\n\n\n\n<p>Le domande di partecipazione dovranno essere presentate entro il 29 Ottobre 2020 esclusivamente attraverso il form online raggiungibile all\u2019indirizzo&nbsp;<a href=\"https:\/\/candidature.software-ales.it\/site\/signin\">https:\/\/candidature.software-ales.it\/site\/signin<\/a>, previo pagamento della prevista tassa di concorso pari a 10,00 euro.<\/p>\n\n\n\n<p>La procedura \u00e8 disciplinata dal Bando consultabile in allegato. L\u2019estratto dell\u2019avviso relativo all\u2019indizione del concorso \u00e8 pubblicato nella Gazzetta Ufficiale della Repubblica Italiana \u2013 4^ serie speciale concorsi n.76 del 29\/09\/2020.<\/p>\n\n\n\n<p>AVVISI<\/p>\n\n\n\n<p>06\/11\/2020 &#8211; Si rende noto che con determinazione n.1183\/2020 \u00e8 stata approvato l&#8217;elenco dei candidati ammessi con riserva alla procedura; in relazione al numero di partecipanti trover\u00e0 svolgimento la prova preselettiva prevista nel Bando, il cui espletamento \u00e8 al momento sospeso almeno sino al 3 Dicembre 2020 in base al disposto di cui all&#8217;articolo 1, comma 9, lettera z) del DPCM 3 Novembre 2020.<\/p>\n\n\n\n<p>29\/01\/2021 &#8211; Si rende noto che con determinazione n.44\/2021 sono stati disposti la riapertura dei termini relativi alla procedura nonch\u00e9 l&#8217;incremento a due unit\u00e0 dei posti messi a concorso; l&#8217;avviso relativo a quanto disposto con la predetta determinazione \u00e8 oggetto di pubblicazione nella Gazzetta Ufficiale della Repubblica Italiana \u2013 4^ serie speciale concorsi n.8 del 29\/01\/2021. Le domande di partecipazione dovranno essere presentate entro il 1 Marzo 2021 esclusivamente attraverso il form online raggiungibile all\u2019indirizzo <a href=\"https:\/\/candidature.software-ales.it\/site\/signin\">https:\/\/candidature.software-ales.it\/site\/signin<\/a>, previo pagamento della prevista tassa di concorso pari a 10,00 euro; sono fatte salve le domande gi\u00e0 inoltrate nel corso della prima pubblicazione del Bando. Per tutte le informazioni si invita a voler prendere visione del documento allegato (n.3). <\/p>\n\n\n\n<p>18\/03\/2021 &#8211; Si rende noto che con determinazione n.270 del 18\/03\/2021 \u00e8 stato approvato l&#8217;elenco dei soggetti aventi inoltrato istanza di partecipazione ammessi con riserva alla prevista prova preselettiva, come da documento allegato. In relazione alle attuali limitazioni previste dall&#8217;articolo 24 del DPCM 2 Marzo 2021 lo svolgimento della prova preselettiva non \u00e8 al momento calendarizzato. Ulteriori informazioni saranno rese note in questa sezione del sito non appena disponibili.<\/p>\n\n\n\n<p>25\/03\/2021 &#8211; Si rende noto che con determinazione n.297 del 24\/03\/2021 \u00e8 stato rettificato l&#8217;elenco dei candidati approvato con determinazione n.270\/2021; il nuovo elenco \u00e8 consultabile in allegato.<\/p>\n\n\n\n<p>29\/04\/2021 &#8211; Si rende noto che la Commissione selezionatrice ha assunto le prime determinazioni sulla procedura, come da avviso consultabile al n.6 della tabella sottostante, tra le quali l&#8217;individuazione delle date di svolgimento delle prove preselettive e scritte, nonch\u00e8 i criteri di valutazione delle stesse oltre che del colloquio. Per tutte le informazioni si invitano i candidati a voler dare attenta lettura del medesimo avviso.<\/p>\n\n\n\n<p>30\/04\/2021 \u2013 Si rende noto che con determinazione n.458 del 30\/04\/2021 \u00e8 stato approvato il Piano operativo specifico (documento n.7 in tabella) per lo svolgimento in presenza delle prove preselettive e scritte rispettivamente in programma per i giorni 19\/20 Maggio e 10 Giugno 2021, a cui tutti i candidati e gli operatori a vario titolo coinvolti sono tenuti ad attenersi scrupolosamente. In particolare tra gli adempimenti, in relazione alle previsioni di cui al&nbsp;<a href=\"http:\/\/at.comune.sestu.ca.it\/wp-content\/uploads\/2021\/04\/Protocollo_concorsi-2.pdf\">Protocollo<\/a>&nbsp;per lo svolgimento dei concorsi finalizzato al contenimento della diffusione del Covid-19, si segnala l\u2019obbligo di presentarsi alle prove muniti: di referto attestante la negativit\u00e0 al Covid-19 non oltre le 48 ore precedenti la convocazione; della dichiarazione di cui al documento n.8 della tabella. Si invitano altres\u00ec i candidati a voler consultare costantemente la presente sezione del sito anche nei giorni immediatamente precedenti le prove per verificare la sussistenza di eventuali aggiornamenti a riguardo.<\/p>\n\n\n\n<p>07\/05\/2021 &#8211;  Si ricorda ai candidati che, come previsto dal Protocollo, all&#8217;interno dei locali dove si volgeranno le prove non sar\u00e0 possibile portare alcun tipo di bagaglio a mano (borse, borsette, marsupi e simili). Al fine di evitare ritardi nelle procedure di accesso alla struttura, si invitano pertanto i partecipanti a presentarsi alle postazioni dedicate all&#8217;identificazione dei candidati e alla ricezione della prevista documentazione privi di qualsiasi tipo di bagaglio.<\/p>\n\n\n\n<p>19\/05\/2021 &#8211; Sono consultabili in allegato gli esiti relativi ai primi due turni di prove preselettive svoltesi in data odierna (documento n.9 in tabella).<\/p>\n\n\n\n<p>20\/05\/2021 &#8211; Sono consultabili in allegato gli esiti relativi al terzo turno della prova preselettiva svoltasi in data odierna (documento n.10), la graduatoria complessiva conseguente ai tre turni di prove espletati (documento n.11) nonch\u00e9 le batterie di domande utilizzate (documento n.12) e il correttore delle medesime (documento n.13).<\/p>\n\n\n\n<p>21\/05\/2021 &#8211; Sono disponibili per la consultazione (documento n.14) le batterie non estratte in occasione dello svolgimento delle prove preselettive svoltesi nei giorni 19-20 Maggio 2021.<\/p>\n\n\n\n<p>26\/05\/2021 \u2013 Si rende noto che con determinazione n.573 del 26\/05\/2021 \u00e8 stata disposta l\u2019ammissione con riserva alle fasi successive della procedura concorsuale dei n.41 candidati utilmente collocati in esito alle prove preselettive svoltesi nei giorni 19-20 Maggio 2021 nonch\u00e9 dei n.3 candidati esonerati dallo svolgimento delle stesse per la ricorrenza dei presupposti di cui all\u2019articolo 20, comma 2-bis, della legge n.104\/1992 (documento n.15 in tabella).<\/p>\n\n\n\n<p>14\/06\/2021 &#8211; Sono consultabili in allegato le tracce relative alle due prove scritte svoltesi in data 10\/06\/2021 (documenti n.16-17 in tabella).<\/p>\n\n\n\n<p>12\/07\/2021 &#8211; Sono consultabili in allegato le risultanze della correzione degli elaborati relativi alle due prove scritte (documento n.18 in tabella).<\/p>\n\n\n\n<p>14\/10\/2021 &#8211; Si rende noto che la Commissione ha fissato lo svolgimento dell&#8217;ultima prova prevista per i giorni Marted\u00ec 9 e Mercoled\u00ec 10 Novembre 2021 presso i locali di Casa Ofelia sita in Sestu nella via Parrocchia (angolo via Giulio Cesare), come da avviso e secondo il calendario allegati (documenti n.19-20 in tabella).<\/p>\n\n\n\n<p>15\/10\/2021 &#8211; Si rende noto che con determinazione n.1127 del 15\/10\/2021 \u00e8 stato approvato il Piano operativo specifico (documento n.21 in tabella) per l&#8217;espletamento in presenza del colloquio previsto nei giorni 9 e 10 Novembre 2021, alle cui prescrizioni tutti i soggetti a vario titolo coinvolti sono obbligati ad attenersi.<\/p>\n\n\n\n<p>09\/11\/2021 &#8211; Sono consultabili in allegato gli esiti dei colloqui svoltisi in data odierna (documento n.22 in tabella).<\/p>\n\n\n\n<p>10\/11\/2021 &#8211; Sono consultabili in allegato gli esiti dei colloqui svoltisi in data odierna (documento n.23 in tabella) e la graduatoria provvisoria della procedura concorsuale  (documento n.24 in tabella).  <\/p>\n\n\n\n<p>17\/11\/2021 &#8211; Si rende noto che con determinazione n.1276 del 17\/11\/2021 sono stati approvati gli atti e la graduatoria definitiva relativi alla procedura concorsuale. Quest&#8217;ultima \u00e8 consultabile in allegato (documento n.25 in tabella).<\/p>\n\n\n\n<p><strong>Documenti riguardanti la procedura<\/strong><\/p>\n\n\n\n<figure class=\"wp-block-table is-style-stripes\"><table><tbody><tr><td>N<\/td><td>Data<\/td><td class=\"has-text-align-center\" data-align=\"center\">Oggetto<\/td><td class=\"has-text-align-center\" data-align=\"center\">Documento<\/td><\/tr><tr><td>1<\/td><td>29\/09\/2020<\/td><td class=\"has-text-align-center\" data-align=\"center\">Indizione procedura<\/td><td class=\"has-text-align-center\" data-align=\"center\"><a href=\"http:\/\/at.comune.sestu.ca.it\/wp-content\/uploads\/2020\/09\/Bando-concorso-pubblico-n.1-istruttore-direttivo-amm.vo-cont.le-ctg.D-2020.09_Con.D.Amm_.pdf\">Bando<\/a><\/td><\/tr><tr><td>2<\/td><td>06\/11\/2020<\/td><td class=\"has-text-align-center\" data-align=\"center\">Elenco candidati ammessi (prima pubblicazione del bando)<\/td><td class=\"has-text-align-center\" data-align=\"center\"><a href=\"http:\/\/at.comune.sestu.ca.it\/wp-content\/uploads\/2020\/11\/Allegato-B.pdf\">All.B det.1183\/2020<\/a><\/td><\/tr><tr><td>3<\/td><td>29\/01\/2021<\/td><td class=\"has-text-align-center\" data-align=\"center\">Riapertura termini con incremento posti<\/td><td class=\"has-text-align-center\" data-align=\"center\"><a href=\"http:\/\/at.comune.sestu.ca.it\/wp-content\/uploads\/2021\/01\/Avviso-pubblico-riapertura-termini-con-incremento-a-n.2-posti-istruttore-direttivo-amm.vo-cont.le-ctg.D-2020.09_Con.D.Amm_signed.pdf\">Avviso<\/a><\/td><\/tr><tr><td>4<\/td><td>18\/03\/2021<\/td><td class=\"has-text-align-center\" data-align=\"center\">Elenco candidati ammessi (in seguito alla riapertura dei termini)<\/td><td class=\"has-text-align-center\" data-align=\"center\"><a href=\"http:\/\/at.comune.sestu.ca.it\/wp-content\/uploads\/2021\/03\/Allegato-B-candidati-istr.D.pdf\">All.B det.270\/2021<\/a><\/td><\/tr><tr><td>5<\/td><td>25\/03\/2021<\/td><td class=\"has-text-align-center\" data-align=\"center\">Revisione elenco candidati ammessi<\/td><td class=\"has-text-align-center\" data-align=\"center\"><a href=\"http:\/\/at.comune.sestu.ca.it\/wp-content\/uploads\/2021\/03\/Elenco-candidati-conoc.-n.2-istr.-dir.-amm.cont_.-Ctg-D-aggiornato.pdf\">All. det.297\/2021<\/a><\/td><\/tr><tr><td>6<\/td><td>29\/04\/2021<\/td><td class=\"has-text-align-center\" data-align=\"center\">Date prove, criteri valutazione e altre determinazioni<\/td><td class=\"has-text-align-center\" data-align=\"center\"><a href=\"http:\/\/at.comune.sestu.ca.it\/wp-content\/uploads\/2021\/04\/verbale-n.1-del-27.04.21-Allegato-C-concorso-istruttore-direttivo-determinazioni-ed-avviso-per-i-candidati.pdf\">All.C verbale n.1\/2021<\/a><\/td><\/tr><tr><td>7<\/td><td>30\/04\/2021<\/td><td class=\"has-text-align-center\" data-align=\"center\">Piano operativo anti Covid-19 prove preselettive e scritte<\/td><td class=\"has-text-align-center\" data-align=\"center\"><a href=\"http:\/\/at.comune.sestu.ca.it\/wp-content\/uploads\/2021\/04\/Piano-operativo-procedura-concorsuale-istruttore-direttivo-amm.vo-contabile-ctg.D.pdf\">Piano operativo 1<\/a><\/td><\/tr><tr><td>8<\/td><td>30\/04\/2021<\/td><td class=\"has-text-align-center\" data-align=\"center\">Dichiarazione da presentare per l&#8217;ingresso ai locali delle prove<\/td><td class=\"has-text-align-center\" data-align=\"center\"><a href=\"http:\/\/at.comune.sestu.ca.it\/wp-content\/uploads\/2021\/04\/Dichiarazione-sostitutiva-per-accesso-locali-prove-concorsuali-Covid-19.pdf\">Dichiarazione<\/a><\/td><\/tr><tr><td>9<\/td><td>19\/05\/2021<\/td><td class=\"has-text-align-center\" data-align=\"center\">Esiti prove preselettive: sessioni 1 e 2 del 19\/05\/2021<\/td><td class=\"has-text-align-center\" data-align=\"center\"><a href=\"http:\/\/at.comune.sestu.ca.it\/wp-content\/uploads\/2021\/05\/esiti-primo-e-secondo-turno-preselettiva-istruttore-direttivo-19.05.2021.pdf\">Esiti 1<\/a><\/td><\/tr><tr><td>10<\/td><td>20\/05\/2021<\/td><td class=\"has-text-align-center\" data-align=\"center\">Esiti prova preselettiva: sessione 3 del 20\/05\/2021<\/td><td class=\"has-text-align-center\" data-align=\"center\"><a href=\"http:\/\/at.comune.sestu.ca.it\/wp-content\/uploads\/2021\/05\/Turno-3-Graduatoria-Anonima.pdf\">Esiti 2<\/a><\/td><\/tr><tr><td>11<\/td><td>20\/05\/2021<\/td><td class=\"has-text-align-center\" data-align=\"center\">Graduatoria complessiva prove preselettive<\/td><td class=\"has-text-align-center\" data-align=\"center\"><a href=\"http:\/\/at.comune.sestu.ca.it\/wp-content\/uploads\/2021\/05\/Preselez.-Conc.-D.-Amm.-Graduatoria-Finale.pdf\">Grad.preselezione<\/a><\/td><\/tr><tr><td>12<\/td><td>20\/05\/2021<\/td><td class=\"has-text-align-center\" data-align=\"center\">Batterie estratte prove preselettive<\/td><td class=\"has-text-align-center\" data-align=\"center\"><a href=\"http:\/\/at.comune.sestu.ca.it\/wp-content\/uploads\/2021\/05\/BATTERIE-ESTRATTE-PRESELEZ.-19-E-20-MAG.21-CONC.-D.-AMM..pdf\">Batterie preselezione<\/a><\/td><\/tr><tr><td>13<\/td><td>20\/05\/2021<\/td><td class=\"has-text-align-center\" data-align=\"center\">Correttore batterie estratte prove preselettive<\/td><td class=\"has-text-align-center\" data-align=\"center\"><a href=\"http:\/\/at.comune.sestu.ca.it\/wp-content\/uploads\/2021\/05\/Correttore-batterie-estratte-Conc.-D.-Amm..pdf\">Correttore<\/a><\/td><\/tr><tr><td>14<\/td><td>21\/05\/2021<\/td><td class=\"has-text-align-center\" data-align=\"center\">Batterie non estratte prove preselettive<\/td><td class=\"has-text-align-center\" data-align=\"center\"><a href=\"http:\/\/at.comune.sestu.ca.it\/wp-content\/uploads\/2021\/05\/BATTERIE-NON-ESTRATTE-PRESELEZ.-19-E-20-MAG.21-CONC.-D..pdf\">Batterie non estratte<\/a><\/td><\/tr><tr><td>15<\/td><td>26\/05\/2021<\/td><td class=\"has-text-align-center\" data-align=\"center\">Elenco candidati ammessi alle prove scritte<\/td><td class=\"has-text-align-center\" data-align=\"center\"><a href=\"http:\/\/at.comune.sestu.ca.it\/wp-content\/uploads\/2021\/05\/Allegato-B.pdf\">Candidati ammessi<\/a><\/td><\/tr><tr><td>16<\/td><td>14\/06\/2021<\/td><td class=\"has-text-align-center\" data-align=\"center\">Tracce prima prova scritta del 10\/06\/2021<\/td><td class=\"has-text-align-center\" data-align=\"center\"><a href=\"http:\/\/at.comune.sestu.ca.it\/wp-content\/uploads\/2021\/06\/Batterie-1^-Prova-scritta-concorso-istr.direttivo-2020-2021.pdf\">Tracce 1<\/a><\/td><\/tr><tr><td>17<\/td><td>14\/06\/2021<\/td><td class=\"has-text-align-center\" data-align=\"center\">Tracce seconda prova scritta del 10\/06\/2021<\/td><td class=\"has-text-align-center\" data-align=\"center\"><a href=\"http:\/\/at.comune.sestu.ca.it\/wp-content\/uploads\/2021\/06\/Batterie-2^-Prova-scritta-concorso-istr.direttivo-2020-2021.pdf\">Tracce 2<\/a><\/td><\/tr><tr><td>18<\/td><td>12\/07\/2021<\/td><td class=\"has-text-align-center\" data-align=\"center\">Risultanze correzioni prove scritte<\/td><td class=\"has-text-align-center\" data-align=\"center\"><a href=\"http:\/\/at.comune.sestu.ca.it\/wp-content\/uploads\/2021\/07\/ALL-B-VERBALE-N-11-concorso-n.2-istr.-.dir_.-amm.-cont.-Correzione-scritti-e-ammessi-orale.pdf\">Valutazioni<\/a><\/td><\/tr><tr><td>19<\/td><td>14\/10\/2021<\/td><td class=\"has-text-align-center\" data-align=\"center\">Avviso sullo svolgimento del colloquio del 9-10 Novembre 2021<\/td><td class=\"has-text-align-center\" data-align=\"center\"><a href=\"http:\/\/at.comune.sestu.ca.it\/wp-content\/uploads\/2021\/10\/Allegato-B-al-Verbale-n.12-del-12.10.21-convocazione-candidati-per-prova-orale.pdf\">Avviso 2<\/a><\/td><\/tr><tr><td>20<\/td><td>14\/10\/2021<\/td><td class=\"has-text-align-center\" data-align=\"center\">Calendario colloqui<\/td><td class=\"has-text-align-center\" data-align=\"center\"><a href=\"http:\/\/at.comune.sestu.ca.it\/wp-content\/uploads\/2021\/10\/Allegato-A-Verbale-n.12-concorso-n.2-istr.-.dir_.-amm.-cont-1.pdf\">Calendario<\/a><\/td><\/tr><tr><td>21<\/td><td>15\/10\/2021<\/td><td class=\"has-text-align-center\" data-align=\"center\">Piano operativo anti Covid-19 colloquio 9\/10 Novembre 2021<\/td><td class=\"has-text-align-center\" data-align=\"center\"><a href=\"http:\/\/at.comune.sestu.ca.it\/wp-content\/uploads\/2021\/10\/Piano-operativo-colloquio-9-10-nov.2021-concorso-istruttore-direttivo-amministrativo-cont.le_.pdf\">Piano operativo 2<\/a><\/td><\/tr><tr><td>22<\/td><td>09\/11\/2021<\/td><td class=\"has-text-align-center\" data-align=\"center\">Esiti colloquio &#8211; sessioni del 09\/11\/2021<\/td><td class=\"has-text-align-center\" data-align=\"center\"><a href=\"http:\/\/at.comune.sestu.ca.it\/wp-content\/uploads\/2021\/11\/Esiti-colloquio-09.11.2021.pdf\">Esiti colloqui 1<\/a><\/td><\/tr><tr><td>23<\/td><td>10\/11\/2021<\/td><td class=\"has-text-align-center\" data-align=\"center\"> Esiti colloquio &#8211; sessioni del 10\/11\/2021 <\/td><td class=\"has-text-align-center\" data-align=\"center\"><a href=\"http:\/\/at.comune.sestu.ca.it\/wp-content\/uploads\/2021\/11\/Esiti-colloquio-10.11.2021.pdf\">Esiti colloqui 2<\/a><\/td><\/tr><tr><td>24<\/td><td>10\/11\/2021<\/td><td class=\"has-text-align-center\" data-align=\"center\">Graduatoria provvisoria<\/td><td class=\"has-text-align-center\" data-align=\"center\"><a href=\"http:\/\/at.comune.sestu.ca.it\/wp-content\/uploads\/2021\/11\/Graduatoria-provvisoria-istr.-dir.-ctg.-D.pdf\">Graduatoria provv.<\/a><\/td><\/tr><tr><td>25<\/td><td>17\/11\/2021<\/td><td class=\"has-text-align-center\" data-align=\"center\">Graduatoria definitiva<\/td><td class=\"has-text-align-center\" data-align=\"center\"><a href=\"http:\/\/at.comune.sestu.ca.it\/wp-content\/uploads\/2021\/11\/Graduatoria-definitiva-allegata-alla-determina-n.1276-del-17.11.2021.pdf\">Graduatoria definitiva<\/a><\/td><\/tr><tr><td>26<\/td><td>26\/11\/2021<\/td><td class=\"has-text-align-center\" data-align=\"center\">Tracce colloquio del 9\/11\/2021<\/td><td class=\"has-text-align-center\" data-align=\"center\"><a href=\"http:\/\/at.comune.sestu.ca.it\/wp-content\/uploads\/2021\/11\/Tracce-prove-orali-del-09.11.21-da-pubblicare.pdf\">Domande 1<\/a><\/td><\/tr><tr><td>27<\/td><td>26\/11\/2021<\/td><td class=\"has-text-align-center\" data-align=\"center\">Tracce colloquio del 10\/11\/2021<\/td><td class=\"has-text-align-center\" data-align=\"center\"><a href=\"http:\/\/at.comune.sestu.ca.it\/wp-content\/uploads\/2021\/11\/Tracce-prove-orali-del-10.11.21-da-pubblicare.pdf\">Domande 2<\/a><\/td><\/tr><\/tbody><\/table><\/figure>\n\n\n\n<p><\/p>\n","protected":false},"excerpt":{"rendered":"<p>Si rende noto che con determinazione n.986 del 29\/09\/2020 \u00e8 stato indetto un concorso pubblico per soli esami finalizzato all\u2019assunzione a tempo pieno ed indeterminato di un istruttore direttivo amministrativo contabile, categoria \u201cD\u201d, comparto Funzioni locali.<\/p>\n","protected":false},"author":3,"featured_media":5284,"parent":3492,"menu_order":-2,"comment_status":"closed","ping_status":"closed","template":"","meta":[],"_links":{"self":[{"href":"https:\/\/at.comune.sestu.ca.it\/index.php\/wp-json\/wp\/v2\/pages\/9184"}],"collection":[{"href":"https:\/\/at.comune.sestu.ca.it\/index.php\/wp-json\/wp\/v2\/pages"}],"about":[{"href":"https:\/\/at.comune.sestu.ca.it\/index.php\/wp-json\/wp\/v2\/types\/page"}],"author":[{"embeddable":true,"href":"https:\/\/at.comune.sestu.ca.it\/index.php\/wp-json\/wp\/v2\/users\/3"}],"replies":[{"embeddable":true,"href":"https:\/\/at.comune.sestu.ca.it\/index.php\/wp-json\/wp\/v2\/comments?post=9184"}],"version-history":[{"count":27,"href":"https:\/\/at.comune.sestu.ca.it\/index.php\/wp-json\/wp\/v2\/pages\/9184\/revisions"}],"predecessor-version":[{"id":16582,"href":"https:\/\/at.comune.sestu.ca.it\/index.php\/wp-json\/wp\/v2\/pages\/9184\/revisions\/16582"}],"up":[{"embeddable":true,"href":"https:\/\/at.comune.sestu.ca.it\/index.php\/wp-json\/wp\/v2\/pages\/3492"}],"wp:featuredmedia":[{"embeddable":true,"href":"https:\/\/at.comune.sestu.ca.it\/index.php\/wp-json\/wp\/v2\/media\/5284"}],"wp:attachment":[{"href":"https:\/\/at.comune.sestu.ca.it\/index.php\/wp-json\/wp\/v2\/media?parent=9184"}],"curies":[{"name":"wp","href":"https:\/\/api.w.org\/{rel}","templated":true}]}}